CRAN Package Check Results for Package mombf

Last updated on 2019-05-19 17:57:37 CEST.

Flavor Version Tinstall Tcheck Ttotal Status Flags
r-devel-linux-x86_64-debian-clang 2.2.3 116.59 196.10 312.69 OK
r-devel-linux-x86_64-debian-gcc 2.2.3 84.00 143.40 227.40 OK
r-devel-linux-x86_64-fedora-clang 2.2.3 405.07 OK
r-devel-linux-x86_64-fedora-gcc 2.2.3 376.46 OK
r-devel-windows-ix86+x86_64 2.2.3 297.00 306.00 603.00 OK
r-patched-linux-x86_64 2.2.3 105.69 188.92 294.61 OK
r-patched-solaris-x86 2.2.3 452.00 OK
r-release-linux-x86_64 2.2.3 100.54 190.61 291.15 OK
r-release-windows-ix86+x86_64 2.2.3 302.00 311.00 613.00 OK
r-release-osx-x86_64 2.2.3 NOTE
r-oldrel-windows-ix86+x86_64 2.2.3 286.00 310.00 596.00 OK
r-oldrel-osx-x86_64 2.2.3 OK

Check Details

Version: 2.2.3
Check: installed package size
Result: NOTE
     installed size is 5.2Mb
     sub-directories of 1Mb or more:
     libs 3.9Mb
Flavor: r-release-osx-x86_64