CRAN Package Check Results for Package modelwordcloud

Last updated on 2019-09-20 01:47:49 CEST.

Flavor Version Tinstall Tcheck Ttotal Status Flags
r-devel-linux-x86_64-debian-clang 0.1 1.47 18.71 20.18 OK
r-devel-linux-x86_64-debian-gcc 0.1 1.52 15.27 16.79 OK
r-devel-linux-x86_64-fedora-clang 0.1 26.70 NOTE
r-devel-linux-x86_64-fedora-gcc 0.1 33.17 NOTE
r-devel-windows-ix86+x86_64 0.1 8.00 29.00 37.00 OK
r-patched-linux-x86_64 0.1 1.49 19.03 20.52 OK
r-patched-solaris-x86 0.1 42.90 NOTE
r-release-linux-x86_64 0.1 1.55 18.92 20.47 OK
r-release-windows-ix86+x86_64 0.1 4.00 44.00 48.00 OK
r-release-osx-x86_64 0.1 NOTE
r-oldrel-windows-ix86+x86_64 0.1 2.00 31.00 33.00 OK
r-oldrel-osx-x86_64 0.1 NOTE

Check Details

Version: 0.1
Check: dependencies in R code
Result: NOTE
    Namespace in Imports field not imported from: ‘methods’
     All declared Imports should be used.
Flavors: r-devel-linux-x86_64-fedora-clang, r-devel-linux-x86_64-fedora-gcc, r-patched-solaris-x86, r-release-osx-x86_64, r-oldrel-osx-x86_64