CRAN Package Check Results for Package modelwordcloud

Last updated on 2019-01-22 06:47:01 CET.

Flavor Version Tinstall Tcheck Ttotal Status Flags
r-devel-linux-x86_64-debian-clang 0.1 1.06 19.34 20.40 OK
r-devel-linux-x86_64-debian-gcc 0.1 0.80 15.77 16.57 OK
r-devel-linux-x86_64-fedora-clang 0.1 25.65 NOTE
r-devel-linux-x86_64-fedora-gcc 0.1 23.33 NOTE
r-devel-windows-ix86+x86_64 0.1 3.00 29.00 32.00 OK
r-patched-linux-x86_64 0.1 0.86 18.05 18.91 OK
r-patched-solaris-x86 0.1 40.00 NOTE
r-release-linux-x86_64 0.1 0.90 18.02 18.92 OK
r-release-windows-ix86+x86_64 0.1 2.00 42.00 44.00 OK
r-release-osx-x86_64 0.1 NOTE
r-oldrel-windows-ix86+x86_64 0.1 4.00 32.00 36.00 OK
r-oldrel-osx-x86_64 0.1 NOTE

Check Details

Version: 0.1
Check: dependencies in R code
Result: NOTE
    Namespace in Imports field not imported from: ‘methods’
     All declared Imports should be used.
Flavors: r-devel-linux-x86_64-fedora-clang, r-devel-linux-x86_64-fedora-gcc, r-patched-solaris-x86, r-release-osx-x86_64, r-oldrel-osx-x86_64