CRAN Package Check Results for Package modelsummary

Last updated on 2019-09-24 10:51:26 CEST.

Flavor Version Tinstall Tcheck Ttotal Status Flags
r-devel-linux-x86_64-debian-clang 0.1.0 4.97 51.08 56.05 NOTE
r-devel-linux-x86_64-debian-gcc 0.1.0 3.97 40.97 44.94 NOTE
r-devel-linux-x86_64-fedora-clang 0.1.0 69.11 NOTE
r-devel-linux-x86_64-fedora-gcc 0.1.0 67.89 NOTE
r-devel-windows-ix86+x86_64 0.1.0 28.00 86.00 114.00 NOTE
r-patched-linux-x86_64 0.1.0 4.54 48.61 53.15 NOTE
r-patched-solaris-x86 0.1.0 95.40 NOTE
r-release-linux-x86_64 0.1.0 4.16 48.90 53.06 NOTE
r-release-windows-ix86+x86_64 0.1.0 24.00 87.00 111.00 NOTE
r-release-osx-x86_64 0.1.0 NOTE
r-oldrel-windows-ix86+x86_64 0.1.0 5.00 58.00 63.00 NOTE
r-oldrel-osx-x86_64 0.1.0 NOTE

Check Details

Version: 0.1.0
Check: package dependencies
Result: NOTE
    Package suggested but not available for checking: 'gt'
Flavors: r-devel-linux-x86_64-debian-clang, r-devel-linux-x86_64-debian-gcc, r-devel-linux-x86_64-fedora-clang, r-devel-linux-x86_64-fedora-gcc, r-devel-windows-ix86+x86_64, r-patched-linux-x86_64, r-patched-solaris-x86, r-release-linux-x86_64, r-release-windows-ix86+x86_64, r-release-osx-x86_64, r-oldrel-windows-ix86+x86_64, r-oldrel-osx-x86_64