CRAN Package Check Results for Package modelgrid

Last updated on 2019-06-15 22:58:48 CEST.

Flavor Version Tinstall Tcheck Ttotal Status Flags
r-devel-linux-x86_64-debian-clang 1.1.1.0 10.74 176.28 187.02 OK
r-devel-linux-x86_64-debian-gcc 1.1.1.0 9.50 129.62 139.12 OK
r-devel-linux-x86_64-fedora-clang 1.1.1.0 224.23 NOTE
r-devel-linux-x86_64-fedora-gcc 1.1.1.0 208.71 NOTE
r-devel-windows-ix86+x86_64 1.1.1.0 33.00 236.00 269.00 OK
r-patched-linux-x86_64 1.1.1.0 10.45 162.03 172.48 OK
r-patched-solaris-x86 1.1.1.0 338.10 NOTE
r-release-linux-x86_64 1.1.1.0 10.90 157.96 168.86 OK
r-release-windows-ix86+x86_64 1.1.1.0 20.00 214.00 234.00 OK
r-release-osx-x86_64 1.1.1.0 NOTE
r-oldrel-windows-ix86+x86_64 1.1.1.0 14.00 214.00 228.00 OK
r-oldrel-osx-x86_64 1.1.1.0 NOTE

Check Details

Version: 1.1.1.0
Check: dependencies in R code
Result: NOTE
    Namespaces in Imports field not imported from:
     ‘ggplot2’ ‘lattice’
     All declared Imports should be used.
Flavors: r-devel-linux-x86_64-fedora-clang, r-devel-linux-x86_64-fedora-gcc, r-patched-solaris-x86, r-release-osx-x86_64, r-oldrel-osx-x86_64