CRAN Package Check Results for Package modelgrid

Last updated on 2019-04-19 03:47:36 CEST.

Flavor Version Tinstall Tcheck Ttotal Status Flags
r-devel-linux-x86_64-debian-clang 1.1.1.0 10.66 169.95 180.61 OK
r-devel-linux-x86_64-debian-gcc 1.1.1.0 9.82 128.85 138.67 OK
r-devel-linux-x86_64-fedora-clang 1.1.1.0 209.60 NOTE
r-devel-linux-x86_64-fedora-gcc 1.1.1.0 197.02 NOTE
r-devel-windows-ix86+x86_64 1.1.1.0 30.00 232.00 262.00 OK
r-patched-linux-x86_64 1.1.1.0 9.87 155.50 165.37 OK
r-patched-solaris-x86 1.1.1.0 318.80 NOTE
r-release-linux-x86_64 1.1.1.0 6.91 154.73 161.64 OK
r-release-windows-ix86+x86_64 1.1.1.0 15.00 223.00 238.00 OK
r-release-osx-x86_64 1.1.1.0 NOTE
r-oldrel-windows-ix86+x86_64 1.1.1.0 19.00 242.00 261.00 OK
r-oldrel-osx-x86_64 1.1.1.0 NOTE

Check Details

Version: 1.1.1.0
Check: dependencies in R code
Result: NOTE
    Namespaces in Imports field not imported from:
     ‘ggplot2’ ‘lattice’
     All declared Imports should be used.
Flavors: r-devel-linux-x86_64-fedora-clang, r-devel-linux-x86_64-fedora-gcc, r-patched-solaris-x86, r-release-osx-x86_64, r-oldrel-osx-x86_64