CRAN Package Check Results for Package modelDown

Last updated on 2019-09-20 01:47:49 CEST.

Flavor Version Tinstall Tcheck Ttotal Status Flags
r-devel-linux-x86_64-debian-clang 1.0.1 6.12 197.92 204.04 OK
r-devel-linux-x86_64-debian-gcc 1.0.1 5.18 160.23 165.41 OK
r-devel-linux-x86_64-fedora-clang 1.0.1 234.49 NOTE
r-devel-linux-x86_64-fedora-gcc 1.0.1 226.08 NOTE
r-devel-windows-ix86+x86_64 1.0.1 24.00 131.00 155.00 OK
r-patched-linux-x86_64 1.0.1 5.75 193.69 199.44 OK
r-patched-solaris-x86 1.0.1 403.70 NOTE
r-release-linux-x86_64 1.0.1 5.62 190.96 196.58 OK
r-release-windows-ix86+x86_64 1.0.1 14.00 133.00 147.00 OK
r-release-osx-x86_64 1.0.1 NOTE
r-oldrel-windows-ix86+x86_64 1.0.1 8.00 88.00 96.00 OK
r-oldrel-osx-x86_64 1.0.1 NOTE

Check Details

Version: 1.0.1
Check: dependencies in R code
Result: NOTE
    Namespaces in Imports field not imported from:
     ‘DALEX’ ‘DT’ ‘auditor’ ‘breakDown’ ‘drifter’ ‘svglite’
     All declared Imports should be used.
Flavors: r-devel-linux-x86_64-fedora-clang, r-devel-linux-x86_64-fedora-gcc, r-patched-solaris-x86, r-release-osx-x86_64, r-oldrel-osx-x86_64