CRAN Package Check Results for Package modeLLtest

Last updated on 2019-09-22 17:49:19 CEST.

Flavor Version Tinstall Tcheck Ttotal Status Flags
r-devel-linux-x86_64-debian-clang 1.0.0 62.71 80.98 143.69 OK
r-devel-linux-x86_64-debian-gcc 1.0.0 57.35 66.30 123.65 OK
r-devel-linux-x86_64-fedora-clang 1.0.0 217.78 NOTE
r-devel-linux-x86_64-fedora-gcc 1.0.0 259.87 NOTE
r-devel-windows-ix86+x86_64 1.0.0 195.00 187.00 382.00 OK
r-patched-linux-x86_64 1.0.0 63.88 81.70 145.58 OK
r-patched-solaris-x86 1.0.0 248.00 NOTE
r-release-linux-x86_64 1.0.0 62.04 82.01 144.05 OK
r-release-windows-ix86+x86_64 1.0.0 147.00 133.00 280.00 OK
r-release-osx-x86_64 1.0.0 NOTE
r-oldrel-windows-ix86+x86_64 1.0.0 146.00 136.00 282.00 OK
r-oldrel-osx-x86_64 1.0.0 NOTE

Check Details

Version: 1.0.0
Check: dependencies in R code
Result: NOTE
    Namespace in Imports field not imported from: ‘methods’
     All declared Imports should be used.
Flavors: r-devel-linux-x86_64-fedora-clang, r-devel-linux-x86_64-fedora-gcc, r-patched-solaris-x86, r-release-osx-x86_64, r-oldrel-osx-x86_64

Version: 1.0.0
Check: data for non-ASCII characters
Result: NOTE
     Note: found 18 marked Latin-1 strings
Flavors: r-devel-linux-x86_64-fedora-clang, r-devel-linux-x86_64-fedora-gcc, r-patched-solaris-x86, r-release-osx-x86_64, r-oldrel-osx-x86_64