CRAN Package Check Results for Package mnormt

Last updated on 2019-09-19 14:46:51 CEST.

Flavor Version Tinstall Tcheck Ttotal Status Flags
r-devel-linux-x86_64-debian-clang 1.5-5 3.57 17.68 21.25 OK
r-devel-linux-x86_64-debian-gcc 1.5-5 2.65 14.48 17.13 OK
r-devel-linux-x86_64-fedora-clang 1.5-5 28.09 NOTE
r-devel-linux-x86_64-fedora-gcc 1.5-5 31.89 NOTE
r-devel-windows-ix86+x86_64 1.5-5 13.00 35.00 48.00 OK
r-patched-linux-x86_64 1.5-5 3.48 17.60 21.08 OK
r-patched-solaris-x86 1.5-5 42.20 OK
r-release-linux-x86_64 1.5-5 3.38 17.92 21.30 OK
r-release-windows-ix86+x86_64 1.5-5 11.00 49.00 60.00 OK
r-release-osx-x86_64 1.5-5 OK
r-oldrel-windows-ix86+x86_64 1.5-5 10.00 31.00 41.00 OK
r-oldrel-osx-x86_64 1.5-5 OK

Additional issues

valgrind

Check Details

Version: 1.5-5
Check: compiled code
Result: NOTE
    File ‘mnormt/libs/mnormt.so’:
     Found no calls to: ‘R_registerRoutines’, ‘R_useDynamicSymbols’
    
    It is good practice to register native routines and to disable symbol
    search.
    
    See ‘Writing portable packages’ in the ‘Writing R Extensions’ manual.
Flavors: r-devel-linux-x86_64-fedora-clang, r-devel-linux-x86_64-fedora-gcc