CRAN Package Check Results for Package mmetrics

Last updated on 2019-09-24 10:51:26 CEST.

Flavor Version Tinstall Tcheck Ttotal Status Flags
r-devel-linux-x86_64-debian-clang 0.3.0 2.15 24.63 26.78 OK
r-devel-linux-x86_64-debian-gcc 0.3.0 1.72 20.40 22.12 OK
r-devel-linux-x86_64-fedora-clang 0.3.0 33.47 NOTE
r-devel-linux-x86_64-fedora-gcc 0.3.0 33.33 NOTE
r-devel-windows-ix86+x86_64 0.3.0 8.00 52.00 60.00 OK
r-patched-linux-x86_64 0.3.0 1.75 23.99 25.74 OK
r-patched-solaris-x86 0.3.0 50.70 NOTE
r-release-linux-x86_64 0.3.0 1.77 24.63 26.40 OK
r-release-windows-ix86+x86_64 0.3.0 9.00 55.00 64.00 OK
r-release-osx-x86_64 0.3.0 NOTE
r-oldrel-windows-ix86+x86_64 0.3.0 2.00 37.00 39.00 OK
r-oldrel-osx-x86_64 0.3.0 NOTE

Check Details

Version: 0.3.0
Check: dependencies in R code
Result: NOTE
    Namespaces in Imports field not imported from:
     ‘magrittr’ ‘stringr’
     All declared Imports should be used.
Flavors: r-devel-linux-x86_64-fedora-clang, r-devel-linux-x86_64-fedora-gcc, r-patched-solaris-x86, r-release-osx-x86_64, r-oldrel-osx-x86_64