CRAN Package Check Results for Package mixture

Last updated on 2018-02-18 01:46:38 CET.

Flavor Version Tinstall Tcheck Ttotal Status Flags
r-devel-linux-x86_64-debian-clang 1.5 6.89 22.85 29.74 OK
r-devel-linux-x86_64-debian-gcc 1.5 4.85 17.85 22.70 OK
r-devel-linux-x86_64-fedora-clang 1.5 38.15 OK
r-devel-linux-x86_64-fedora-gcc 1.5 34.44 OK
r-devel-windows-ix86+x86_64 1.5 20.00 54.00 74.00 OK
r-patched-linux-x86_64 1.5 4.76 22.44 27.20 OK
r-patched-solaris-x86 1.5 44.20 OK
r-release-linux-x86_64 1.5 4.07 22.39 26.46 OK
r-release-windows-ix86+x86_64 1.5 12.00 37.00 49.00 OK
r-release-osx-x86_64 1.5 OK
r-oldrel-windows-ix86+x86_64 1.5 12.00 34.00 46.00 OK
r-oldrel-osx-x86_64 1.4 NOTE

Additional issues

valgrind

Check Details

Version: 1.4
Check: R code for possible problems
Result: NOTE
    EMp1: no visible global function definition for ‘cov.wt’
    EMp1: no visible global function definition for ‘mahalanobis’
    igpark: no visible global function definition for ‘kmeans’
    loglik: no visible global function definition for ‘mahalanobis’
    m.step: no visible global function definition for ‘cov.wt’
    plot.gpcm: no visible global function definition for ‘plot’
    plot.gpcm: no visible global function definition for ‘lines’
    plot.gpcm: no visible global function definition for ‘legend’
    run_em: no visible binding for global variable ‘data’
    rwgpar: no visible global function definition for ‘rexp’
    weights: no visible global function definition for ‘mahalanobis’
    Undefined global functions or variables:
     cov.wt data kmeans legend lines mahalanobis plot rexp
    Consider adding
     importFrom("graphics", "legend", "lines", "plot")
     importFrom("stats", "cov.wt", "kmeans", "mahalanobis", "rexp")
     importFrom("utils", "data")
    to your NAMESPACE file.
Flavor: r-oldrel-osx-x86_64

Version: 1.4
Check: for GNU extensions in Makefiles
Result: NOTE
    GNU make is a SystemRequirements.
Flavor: r-oldrel-osx-x86_64