CRAN Package Check Results for Package mistat

Last updated on 2019-08-19 11:49:07 CEST.

Flavor Version Tinstall Tcheck Ttotal Status Flags
r-devel-linux-x86_64-debian-clang 1.0-5 3.65 51.88 55.53 OK
r-devel-linux-x86_64-debian-gcc 1.0-5 2.72 41.01 43.73 OK
r-devel-linux-x86_64-fedora-clang 1.0-5 69.41 NOTE
r-devel-linux-x86_64-fedora-gcc 1.0-5 65.11 NOTE
r-devel-windows-ix86+x86_64 1.0-5 12.00 105.00 117.00 OK
r-patched-linux-x86_64 1.0-5 3.06 51.32 54.38 OK
r-patched-solaris-x86 1.0-5 96.00 NOTE
r-release-linux-x86_64 1.0-5 3.23 50.88 54.11 OK
r-release-windows-ix86+x86_64 1.0-5 7.00 74.00 81.00 OK
r-release-osx-x86_64 1.0-5 NOTE
r-oldrel-windows-ix86+x86_64 1.0-5 9.00 66.00 75.00 OK
r-oldrel-osx-x86_64 1.0-5 NOTE

Check Details

Version: 1.0-5
Check: dependencies in R code
Result: NOTE
    Namespace in Imports field not imported from: ‘grDevices’
     All declared Imports should be used.
Flavors: r-devel-linux-x86_64-fedora-clang, r-devel-linux-x86_64-fedora-gcc, r-patched-solaris-x86, r-release-osx-x86_64, r-oldrel-osx-x86_64