CRAN Package Check Results for Package mistat

Last updated on 2019-05-27 06:49:59 CEST.

Flavor Version Tinstall Tcheck Ttotal Status Flags
r-devel-linux-x86_64-debian-clang 1.0-5 2.67 51.21 53.88 OK
r-devel-linux-x86_64-debian-gcc 1.0-5 2.75 41.47 44.22 OK
r-devel-linux-x86_64-fedora-clang 1.0-5 65.58 NOTE
r-devel-linux-x86_64-fedora-gcc 1.0-5 64.44 NOTE
r-devel-windows-ix86+x86_64 1.0-5 7.00 97.00 104.00 OK
r-patched-linux-x86_64 1.0-5 OK
r-patched-solaris-x86 1.0-5 103.60 NOTE
r-release-linux-x86_64 1.0-5 3.62 51.60 55.22 OK
r-release-windows-ix86+x86_64 1.0-5 10.00 69.00 79.00 OK
r-release-osx-x86_64 1.0-5 NOTE
r-oldrel-windows-ix86+x86_64 1.0-5 9.00 51.00 60.00 OK
r-oldrel-osx-x86_64 1.0-5 NOTE

Check Details

Version: 1.0-5
Check: dependencies in R code
Result: NOTE
    Namespace in Imports field not imported from: ‘grDevices’
     All declared Imports should be used.
Flavors: r-devel-linux-x86_64-fedora-clang, r-devel-linux-x86_64-fedora-gcc, r-patched-solaris-x86, r-release-osx-x86_64, r-oldrel-osx-x86_64