CRAN Package Check Results for Package microsamplingDesign

Last updated on 2019-09-19 16:48:03 CEST.

Flavor Version Tinstall Tcheck Ttotal Status Flags
r-devel-linux-x86_64-debian-clang 1.0.6 32.10 257.62 289.72 OK
r-devel-linux-x86_64-debian-gcc 1.0.6 28.03 185.10 213.13 OK
r-devel-linux-x86_64-fedora-clang 1.0.6 340.51 OK
r-devel-linux-x86_64-fedora-gcc 1.0.6 377.13 OK
r-devel-windows-ix86+x86_64 1.0.6 105.00 427.00 532.00 OK
r-patched-linux-x86_64 1.0.6 27.13 244.77 271.90 OK
r-patched-solaris-x86 1.0.6 392.60 OK
r-release-linux-x86_64 1.0.6 30.65 246.46 277.11 OK
r-release-windows-ix86+x86_64 1.0.6 64.00 307.00 371.00 OK
r-release-osx-x86_64 1.0.6 OK
r-oldrel-windows-ix86+x86_64 1.0.6 74.00 305.00 379.00 OK
r-oldrel-osx-x86_64 1.0.6 WARN

Check Details

Version: 1.0.6
Check: whether package can be installed
Result: WARN
    Found the following significant warnings:
     Note: possible error in 'dev_package_deps(pkgdir = system.file(package = "microsamplingDesign"), ': unused argument (pkgdir = system.file(package = "microsamplingDesign"))
    See ‘/Volumes/SSD-Data/Builds/R-dev-web/QA/Simon/packages/el-capitan-x86_64/results/3.5/microsamplingDesign.Rcheck/00install.out’ for details.
    Information on the location(s) of code generating the ‘Note’s can be
    obtained by re-running with environment variable R_KEEP_PKG_SOURCE set
    to ‘yes’.
Flavor: r-oldrel-osx-x86_64

Version: 1.0.6
Check: R code for possible problems
Result: NOTE
    runMicrosamplingDesignApp: possible error in dev_package_deps(pkgdir =
     system.file(package = "microsamplingDesign"), dependencies =
     "Suggests"): unused argument (pkgdir = system.file(package =
     "microsamplingDesign"))
Flavor: r-oldrel-osx-x86_64