CRAN Package Check Results for Package memapp

Last updated on 2019-08-25 16:48:46 CEST.

Flavor Version Tinstall Tcheck Ttotal Status Flags
r-devel-linux-x86_64-debian-clang 2.13 3.01 24.51 27.52 OK
r-devel-linux-x86_64-debian-gcc 2.13 2.50 20.22 22.72 OK
r-devel-linux-x86_64-fedora-clang 2.13 36.87 NOTE
r-devel-linux-x86_64-fedora-gcc 2.13 33.51 NOTE
r-devel-windows-ix86+x86_64 2.13 24.00 40.00 64.00 OK
r-patched-linux-x86_64 2.13 2.57 24.98 27.55 OK
r-patched-solaris-x86 2.13 57.30 NOTE
r-release-linux-x86_64 2.13 2.65 24.67 27.32 OK
r-release-windows-ix86+x86_64 2.13 17.00 59.00 76.00 OK
r-release-osx-x86_64 2.13 NOTE
r-oldrel-windows-ix86+x86_64 2.13 7.00 59.00 66.00 OK
r-oldrel-osx-x86_64 2.13 NOTE

Check Details

Version: 2.13
Check: dependencies in R code
Result: NOTE
    Namespaces in Imports field not imported from:
     ‘DT’ ‘RColorBrewer’ ‘RODBC’ ‘dplyr’ ‘foreign’ ‘formattable’ ‘ggplot2’
     ‘haven’ ‘mem’ ‘openxlsx’ ‘plotly’ ‘readxl’ ‘shinyBS’ ‘shinyWidgets’
     ‘shinydashboard’ ‘shinyjs’ ‘shinythemes’ ‘stringi’ ‘stringr’ ‘tidyr’
     All declared Imports should be used.
Flavors: r-devel-linux-x86_64-fedora-clang, r-devel-linux-x86_64-fedora-gcc, r-patched-solaris-x86, r-release-osx-x86_64, r-oldrel-osx-x86_64