CRAN Package Check Results for Package memapp

Last updated on 2020-01-22 14:48:37 CET.

Flavor Version Tinstall Tcheck Ttotal Status Flags
r-devel-linux-x86_64-debian-clang 2.13 3.21 26.71 29.92 OK
r-devel-linux-x86_64-debian-gcc 2.13 2.66 21.75 24.41 OK
r-devel-linux-x86_64-fedora-clang 2.13 38.83 NOTE
r-devel-linux-x86_64-fedora-gcc 2.13 36.17 NOTE
r-devel-windows-ix86+x86_64 2.13 20.00 66.00 86.00 OK
r-devel-windows-ix86+x86_64-gcc8 2.13 16.00 50.00 66.00 OK
r-patched-linux-x86_64 2.13 2.55 24.83 27.38 OK
r-patched-solaris-x86 2.13 56.60 NOTE
r-release-linux-x86_64 2.13 2.44 24.57 27.01 OK
r-release-windows-ix86+x86_64 2.13 9.00 66.00 75.00 OK
r-release-osx-x86_64 2.13 NOTE
r-oldrel-windows-ix86+x86_64 2.13 5.00 39.00 44.00 OK
r-oldrel-osx-x86_64 2.13 NOTE

Check Details

Version: 2.13
Check: package dependencies
Result: NOTE
    Imports includes 21 non-default packages.
    Importing from so many packages makes the package vulnerable to any of
    them becoming unavailable. Move as many as possible to Suggests and
    use conditionally.
Flavor: r-devel-linux-x86_64-fedora-clang

Version: 2.13
Check: dependencies in R code
Result: NOTE
    Namespaces in Imports field not imported from:
     ‘DT’ ‘RColorBrewer’ ‘RODBC’ ‘dplyr’ ‘foreign’ ‘formattable’ ‘ggplot2’
     ‘haven’ ‘mem’ ‘openxlsx’ ‘plotly’ ‘readxl’ ‘shinyBS’ ‘shinyWidgets’
     ‘shinydashboard’ ‘shinyjs’ ‘shinythemes’ ‘stringi’ ‘stringr’ ‘tidyr’
     All declared Imports should be used.
Flavors: r-devel-linux-x86_64-fedora-clang, r-devel-linux-x86_64-fedora-gcc, r-patched-solaris-x86, r-release-osx-x86_64, r-oldrel-osx-x86_64