CRAN Package Check Results for Package mclust

Last updated on 2018-07-20 14:49:07 CEST.

Flavor Version Tinstall Tcheck Ttotal Status Flags
r-devel-linux-x86_64-debian-clang 5.4.1 28.74 220.30 249.04 OK
r-devel-linux-x86_64-debian-gcc 5.4.1 25.92 159.51 185.43 OK
r-devel-linux-x86_64-fedora-clang 5.4.1 306.86 NOTE
r-devel-linux-x86_64-fedora-gcc 5.4.1 296.95 OK
r-devel-windows-ix86+x86_64 5.4.1 72.00 397.00 469.00 NOTE
r-patched-linux-x86_64 5.4.1 31.36 218.07 249.43 OK
r-patched-solaris-x86 5.4.1 414.60 NOTE
r-release-linux-x86_64 5.4.1 28.88 217.26 246.14 OK
r-release-windows-ix86+x86_64 5.4.1 75.00 407.00 482.00 NOTE
r-release-osx-x86_64 5.4.1 NOTE
r-oldrel-windows-ix86+x86_64 5.4.1 81.00 321.00 402.00 NOTE
r-oldrel-osx-x86_64 5.4.1 NOTE

Check Details

Version: 5.4.1
Check: installed package size
Result: NOTE
     installed size is 5.3Mb
     sub-directories of 1Mb or more:
     doc 2.8Mb
Flavors: r-devel-linux-x86_64-fedora-clang, r-devel-windows-ix86+x86_64, r-patched-solaris-x86, r-release-windows-ix86+x86_64, r-release-osx-x86_64, r-oldrel-windows-ix86+x86_64, r-oldrel-osx-x86_64