CRAN Package Check Results for Package mclust

Last updated on 2018-10-18 23:48:28 CEST.

Flavor Version Tinstall Tcheck Ttotal Status Flags
r-devel-linux-x86_64-debian-clang 5.4.1 33.85 221.97 255.82 OK
r-devel-linux-x86_64-debian-gcc 5.4.1 28.53 159.89 188.42 OK
r-devel-linux-x86_64-fedora-clang 5.4.1 306.74 NOTE
r-devel-linux-x86_64-fedora-gcc 5.4.1 301.53 OK
r-devel-windows-ix86+x86_64 5.4.1 88.00 400.00 488.00 NOTE
r-patched-linux-x86_64 5.4.1 31.83 215.70 247.53 OK
r-patched-solaris-x86 5.4.1 406.10 NOTE
r-release-linux-x86_64 5.4.1 27.99 215.93 243.92 OK
r-release-windows-ix86+x86_64 5.4.1 63.00 392.00 455.00 NOTE
r-release-osx-x86_64 5.4.1 NOTE
r-oldrel-windows-ix86+x86_64 5.4.1 64.00 395.00 459.00 NOTE
r-oldrel-osx-x86_64 5.4.1 NOTE

Check Details

Version: 5.4.1
Check: installed package size
Result: NOTE
     installed size is 5.3Mb
     sub-directories of 1Mb or more:
     doc 2.8Mb
Flavors: r-devel-linux-x86_64-fedora-clang, r-devel-windows-ix86+x86_64, r-patched-solaris-x86, r-release-windows-ix86+x86_64, r-release-osx-x86_64, r-oldrel-windows-ix86+x86_64, r-oldrel-osx-x86_64