CRAN Package Check Results for Package mclust

Last updated on 2017-12-18 07:47:10 CET.

Flavor Version Tinstall Tcheck Ttotal Status Flags
r-devel-linux-x86_64-debian-clang 5.4 30.50 210.25 240.75 OK
r-devel-linux-x86_64-debian-gcc OK
r-devel-linux-x86_64-fedora-clang 5.4 305.75 NOTE
r-devel-linux-x86_64-fedora-gcc 5.4 302.78 NOTE
r-devel-windows-ix86+x86_64 5.4 70.00 323.00 393.00 NOTE
r-patched-linux-x86_64 5.4 30.69 236.88 267.57 OK
r-patched-solaris-x86 5.4 396.90 NOTE
r-release-linux-x86_64 5.4 29.63 230.93 260.56 OK
r-release-windows-ix86+x86_64 5.4 59.00 307.00 366.00 NOTE
r-release-osx-x86_64 5.4 NOTE
r-oldrel-windows-ix86+x86_64 5.4 73.00 383.00 456.00 NOTE
r-oldrel-osx-x86_64 5.4 OK

Check Details

Version: 5.4
Check: installed package size
Result: NOTE
     installed size is 5.2Mb
     sub-directories of 1Mb or more:
     doc 2.7Mb
Flavors: r-devel-linux-x86_64-fedora-clang, r-devel-linux-x86_64-fedora-gcc, r-devel-windows-ix86+x86_64, r-patched-solaris-x86, r-release-windows-ix86+x86_64, r-release-osx-x86_64, r-oldrel-windows-ix86+x86_64