CRAN Package Check Results for Package mcemGLM

Last updated on 2020-01-20 22:51:46 CET.

Flavor Version Tinstall Tcheck Ttotal Status Flags
r-devel-linux-x86_64-debian-clang 1.1 722.78 40.79 763.57 OK --no-vignettes
r-devel-linux-x86_64-debian-gcc 1.1 453.34 31.99 485.33 OK --no-vignettes
r-devel-linux-x86_64-fedora-clang 1.1 1123.47 NOTE --no-vignettes
r-devel-linux-x86_64-fedora-gcc 1.1 993.83 NOTE --no-vignettes
r-devel-windows-ix86+x86_64 1.1 1546.00 70.00 1616.00 OK --no-vignettes
r-devel-windows-ix86+x86_64-gcc8 1.1 1412.00 91.00 1503.00 NOTE --no-vignettes
r-patched-linux-x86_64 1.1 532.18 37.31 569.49 OK --no-vignettes
r-patched-solaris-x86 1.1 759.90 OK --no-vignettes
r-release-linux-x86_64 1.1 535.95 36.72 572.67 OK --no-vignettes
r-release-windows-ix86+x86_64 1.1 1549.00 90.00 1639.00 OK --no-vignettes
r-release-osx-x86_64 1.1 FAIL
r-oldrel-windows-ix86+x86_64 1.1 1054.00 82.00 1136.00 OK --no-vignettes
r-oldrel-osx-x86_64 1.1 FAIL

Check Details

Version: 1.1
Flags: --no-vignettes
Check: installed package size
Result: NOTE
     installed size is 13.5Mb
     sub-directories of 1Mb or more:
     doc 2.1Mb
     libs 11.1Mb
Flavors: r-devel-linux-x86_64-fedora-clang, r-devel-windows-ix86+x86_64-gcc8

Version: 1.1
Flags: --no-vignettes
Check: compiled code
Result: NOTE
    File ‘mcemGLM/libs/mcemGLM.so’:
     Found no calls to: ‘R_registerRoutines’, ‘R_useDynamicSymbols’
    
    It is good practice to register native routines and to disable symbol
    search.
    
    See ‘Writing portable packages’ in the ‘Writing R Extensions’ manual.
Flavors: r-devel-linux-x86_64-fedora-clang, r-devel-linux-x86_64-fedora-gcc

Version: 1.1
Check: installed package size
Result: NOTE
     installed size is 10.6Mb
     sub-directories of 1Mb or more:
     doc 2.1Mb
     libs 8.3Mb
Flavors: r-release-osx-x86_64, r-oldrel-osx-x86_64

Version: 1.1
Check: running R code from vignettes
Result: ERROR
    Errors in running code in vignettes:
    when running code in ‘mcemGLM-vignette.Rnw’
     ...
     6 : 6 6 : 6 Max. :1.000
     (Other):324 (Other):324
    
    > fitBernoulli <- mcemGLMM(fixed = Mate ~ 0 + Cross,
    + random = list(~0 + Female, ~0 + Male), data = salamander,
    + family = "bernoulli", vcD .... [TRUNCATED]
    
    Execution halted
    
    ... incomplete output. Crash?
Flavors: r-release-osx-x86_64, r-oldrel-osx-x86_64

Version: 1.1
Check: re-building of vignette outputs
Result: FAIL
Flavors: r-release-osx-x86_64, r-oldrel-osx-x86_64