CRAN Package Check Results for Package mcemGLM

Last updated on 2019-09-15 13:47:18 CEST.

Flavor Version Tinstall Tcheck Ttotal Status Flags
r-devel-linux-x86_64-debian-clang 1.1 601.89 38.35 640.24 OK --no-vignettes
r-devel-linux-x86_64-debian-gcc 1.1 472.70 30.03 502.73 OK --no-vignettes
r-devel-linux-x86_64-fedora-clang 1.1 1082.52 NOTE --no-vignettes
r-devel-linux-x86_64-fedora-gcc 1.1 987.79 NOTE --no-vignettes
r-devel-windows-ix86+x86_64 1.1 1460.00 81.00 1541.00 OK --no-vignettes
r-patched-linux-x86_64 1.1 520.63 37.77 558.40 OK --no-vignettes
r-patched-solaris-x86 1.1 817.70 OK --no-vignettes
r-release-linux-x86_64 1.1 505.56 38.23 543.79 OK --no-vignettes
r-release-windows-ix86+x86_64 1.1 981.00 88.00 1069.00 OK --no-vignettes
r-release-osx-x86_64 1.1 FAIL
r-oldrel-windows-ix86+x86_64 1.1 1492.00 67.00 1559.00 OK --no-vignettes
r-oldrel-osx-x86_64 1.1 FAIL

Check Details

Version: 1.1
Flags: --no-vignettes
Check: installed package size
Result: NOTE
     installed size is 13.4Mb
     sub-directories of 1Mb or more:
     doc 2.1Mb
     libs 11.1Mb
Flavor: r-devel-linux-x86_64-fedora-clang

Version: 1.1
Flags: --no-vignettes
Check: compiled code
Result: NOTE
    File ‘mcemGLM/libs/mcemGLM.so’:
     Found no calls to: ‘R_registerRoutines’, ‘R_useDynamicSymbols’
    
    It is good practice to register native routines and to disable symbol
    search.
    
    See ‘Writing portable packages’ in the ‘Writing R Extensions’ manual.
Flavors: r-devel-linux-x86_64-fedora-clang, r-devel-linux-x86_64-fedora-gcc

Version: 1.1
Check: installed package size
Result: NOTE
     installed size is 10.6Mb
     sub-directories of 1Mb or more:
     doc 2.1Mb
     libs 8.3Mb
Flavors: r-release-osx-x86_64, r-oldrel-osx-x86_64

Version: 1.1
Check: running R code from vignettes
Result: ERROR
    Errors in running code in vignettes:
    when running code in ‘mcemGLM-vignette.Rnw’
     ...
     6 : 6 6 : 6 Max. :1.000
     (Other):324 (Other):324
    
    > fitBernoulli <- mcemGLMM(fixed = Mate ~ 0 + Cross,
    + random = list(~0 + Female, ~0 + Male), data = salamander,
    + family = "bernoulli", vcD .... [TRUNCATED]
    
    Execution halted
    
    ... incomplete output. Crash?
Flavors: r-release-osx-x86_64, r-oldrel-osx-x86_64

Version: 1.1
Check: re-building of vignette outputs
Result: FAIL
    
Flavors: r-release-osx-x86_64, r-oldrel-osx-x86_64