CRAN Package Check Results for Package mcMST

Last updated on 2019-08-25 20:46:42 CEST.

Flavor Version Tinstall Tcheck Ttotal Status Flags
r-devel-linux-x86_64-debian-clang 1.0.1 10.64 104.40 115.04 OK
r-devel-linux-x86_64-debian-gcc 1.0.1 9.24 79.88 89.12 OK
r-devel-linux-x86_64-fedora-clang 1.0.1 140.07 NOTE
r-devel-linux-x86_64-fedora-gcc 1.0.1 134.21 NOTE
r-devel-windows-ix86+x86_64 1.0.1 49.00 108.00 157.00 OK
r-patched-linux-x86_64 1.0.1 10.85 99.90 110.75 OK
r-patched-solaris-x86 1.0.1 212.30 NOTE
r-release-linux-x86_64 1.0.1 10.93 99.20 110.13 OK
r-release-windows-ix86+x86_64 1.0.1 52.00 159.00 211.00 OK
r-release-osx-x86_64 1.0.1 NOTE
r-oldrel-windows-ix86+x86_64 1.0.1 20.00 157.00 177.00 OK
r-oldrel-osx-x86_64 1.0.1 NOTE

Check Details

Version: 1.0.1
Check: dependencies in R code
Result: NOTE
    Namespaces in Imports field not imported from:
     ‘parallelMap’ ‘reshape2’
     All declared Imports should be used.
Flavors: r-devel-linux-x86_64-fedora-clang, r-devel-linux-x86_64-fedora-gcc, r-patched-solaris-x86, r-release-osx-x86_64, r-oldrel-osx-x86_64