CRAN Package Check Results for Package matR

Last updated on 2019-10-20 20:48:26 CEST.

Flavor Version Tinstall Tcheck Ttotal Status Flags
r-devel-linux-x86_64-debian-clang 0.9.1 2.99 37.57 40.56 OK
r-devel-linux-x86_64-debian-gcc 0.9.1 2.55 29.65 32.20 OK
r-devel-linux-x86_64-fedora-clang 0.9.1 49.46 OK
r-devel-linux-x86_64-fedora-gcc 0.9.1 48.12 OK
r-devel-windows-ix86+x86_64 0.9.1 8.00 83.00 91.00 OK
r-patched-linux-x86_64 0.9.1 3.36 36.88 40.24 OK
r-patched-solaris-x86 0.9.1 71.20 OK
r-release-linux-x86_64 0.9.1 3.31 37.15 40.46 OK
r-release-windows-ix86+x86_64 0.9.1 9.00 48.00 57.00 OK
r-release-osx-x86_64 0.9.1 NOTE
r-oldrel-windows-ix86+x86_64 0.9.1 4.00 46.00 50.00 OK
r-oldrel-osx-x86_64 0.9.1 OK

Check Details

Version: 0.9.1
Check: package dependencies
Result: NOTE
    Package suggested but not available for checking: ‘qvalue’
Flavor: r-release-osx-x86_64