CRAN Package Check Results for Package markovchain

Last updated on 2019-07-16 07:50:52 CEST.

Flavor Version Tinstall Tcheck Ttotal Status Flags
r-devel-linux-x86_64-debian-clang 0.6.9.14 128.47 254.94 383.41 WARN
r-devel-linux-x86_64-debian-gcc 0.6.9.14 110.16 191.63 301.79 WARN
r-devel-linux-x86_64-fedora-clang 0.6.9.14 500.90 WARN
r-devel-linux-x86_64-fedora-gcc 0.6.9.14 498.89 WARN
r-devel-windows-ix86+x86_64 0.6.9.14 356.00 274.00 630.00 WARN
r-patched-linux-x86_64 0.6.9.14 127.88 256.06 383.94 WARN
r-patched-solaris-x86 0.6.9.14 557.60 OK
r-release-linux-x86_64 0.6.9.14 129.07 248.98 378.05 WARN
r-release-windows-ix86+x86_64 0.6.9.14 272.00 270.00 542.00 WARN
r-release-osx-x86_64 0.6.9.14 NOTE
r-oldrel-windows-ix86+x86_64 0.6.9.14 365.00 172.00 537.00 WARN
r-oldrel-osx-x86_64 0.6.9.14 NOTE

Additional issues

noLD

Check Details

Version: 0.6.9.14
Check: re-building of vignette outputs
Result: WARN
    Error(s) in re-building vignettes:
     ...
    --- re-building 'GSoC-2017_additions.Rmd' using rmarkdown
    Package: markovchain
    Version: 0.6.9.14
    Date: 2019-01-20
    BugReport: http://github.com/spedygiorgio/markovchain/issues
    
    --- finished re-building 'GSoC-2017_additions.Rmd'
    
    --- re-building 'an_introduction_to_markovchain_package.Rmd' using rmarkdown
    Package: markovchain
    Version: 0.6.9.14
    Date: 2019-01-20
    BugReport: http://github.com/spedygiorgio/markovchain/issues
    
    ! Undefined control sequence.
    l.14 \Plainauthor
     {Giorgio Alfredo Spedicato, Tae Seung Kang, Sai Bhargav Yal...
    
    Error: processing vignette 'an_introduction_to_markovchain_package.Rmd' failed with diagnostics:
    Failed to compile an_introduction_to_markovchain_package.tex. See https://yihui.name/tinytex/r/#debugging for debugging tips. See an_introduction_to_markovchain_package.log for more info.
    --- failed re-building 'an_introduction_to_markovchain_package.Rmd'
    
    --- re-building 'complicateSteadyStates.Rmd' using rmarkdown
    Package: markovchain
    Version: 0.6.9.14
    Date: 2019-01-20
    BugReport: http://github.com/spedygiorgio/markovchain/issues
    
    --- finished re-building 'complicateSteadyStates.Rmd'
    
    --- re-building 'higher_order_markov_chains.Rmd' using rmarkdown
    Loading required package: markovchain
    Package: markovchain
    Version: 0.6.9.14
    Date: 2019-01-20
    BugReport: http://github.com/spedygiorgio/markovchain/issues
    
    This function is experimental
    ! Undefined control sequence.
    l.14 \Plainauthor
     {Deepak Yadav, Tae Seung Kang, Giorgio Alfredo Spedicato}
    
    Error: processing vignette 'higher_order_markov_chains.Rmd' failed with diagnostics:
    Failed to compile higher_order_markov_chains.tex. See https://yihui.name/tinytex/r/#debugging for debugging tips. See higher_order_markov_chains.log for more info.
    --- failed re-building 'higher_order_markov_chains.Rmd'
    
    --- re-building 'markovchainCrashIntro.Rmd' using rmarkdown
    --- finished re-building 'markovchainCrashIntro.Rmd'
    
    SUMMARY: processing the following files failed:
     'an_introduction_to_markovchain_package.Rmd'
     'higher_order_markov_chains.Rmd'
    
    Error: Vignette re-building failed.
    Execution halted
Flavors: r-devel-linux-x86_64-debian-clang, r-devel-linux-x86_64-debian-gcc, r-patched-linux-x86_64, r-release-linux-x86_64

Version: 0.6.9.14
Check: installed package size
Result: NOTE
     installed size is 8.5Mb
     sub-directories of 1Mb or more:
     libs 6.7Mb
Flavors: r-devel-linux-x86_64-fedora-clang, r-release-osx-x86_64, r-oldrel-osx-x86_64

Version: 0.6.9.14
Check: re-building of vignette outputs
Result: WARN
    Error(s) in re-building vignettes:
    --- re-building ‘GSoC-2017_additions.Rmd’ using rmarkdown
    Package: markovchain
    Version: 0.6.9.14
    Date: 2019-01-20
    BugReport: http://github.com/spedygiorgio/markovchain/issues
    
    --- finished re-building ‘GSoC-2017_additions.Rmd’
    
    --- re-building ‘an_introduction_to_markovchain_package.Rmd’ using rmarkdown
    Package: markovchain
    Version: 0.6.9.14
    Date: 2019-01-20
    BugReport: http://github.com/spedygiorgio/markovchain/issues
    
    ! Undefined control sequence.
    l.14 \Plainauthor
     {Giorgio Alfredo Spedicato, Tae Seung Kang, Sai Bhargav Yal...
    
    Error: processing vignette 'an_introduction_to_markovchain_package.Rmd' failed with diagnostics:
    Failed to compile an_introduction_to_markovchain_package.tex. See https://yihui.name/tinytex/r/#debugging for debugging tips. See an_introduction_to_markovchain_package.log for more info.
    --- failed re-building ‘an_introduction_to_markovchain_package.Rmd’
    
    --- re-building ‘complicateSteadyStates.Rmd’ using rmarkdown
    Package: markovchain
    Version: 0.6.9.14
    Date: 2019-01-20
    BugReport: http://github.com/spedygiorgio/markovchain/issues
    
    --- finished re-building ‘complicateSteadyStates.Rmd’
    
    --- re-building ‘higher_order_markov_chains.Rmd’ using rmarkdown
    Loading required package: markovchain
    Package: markovchain
    Version: 0.6.9.14
    Date: 2019-01-20
    BugReport: http://github.com/spedygiorgio/markovchain/issues
    
    This function is experimental
    ! Undefined control sequence.
    l.14 \Plainauthor
     {Deepak Yadav, Tae Seung Kang, Giorgio Alfredo Spedicato}
    
    Error: processing vignette 'higher_order_markov_chains.Rmd' failed with diagnostics:
    Failed to compile higher_order_markov_chains.tex. See https://yihui.name/tinytex/r/#debugging for debugging tips. See higher_order_markov_chains.log for more info.
    --- failed re-building ‘higher_order_markov_chains.Rmd’
    
    --- re-building ‘markovchainCrashIntro.Rmd’ using rmarkdown
    --- finished re-building ‘markovchainCrashIntro.Rmd’
    
    SUMMARY: processing the following files failed:
     ‘an_introduction_to_markovchain_package.Rmd’
     ‘higher_order_markov_chains.Rmd’
    
    Error: Vignette re-building failed.
    Execution halted
Flavors: r-devel-linux-x86_64-fedora-clang, r-devel-linux-x86_64-fedora-gcc

Version: 0.6.9.14
Check: re-building of vignette outputs
Result: WARN
    Error(s) in re-building vignettes:
    --- re-building 'GSoC-2017_additions.Rmd' using rmarkdown
    Package: markovchain
    Version: 0.6.9.14
    Date: 2019-01-20
    BugReport: http://github.com/spedygiorgio/markovchain/issues
    
    --- finished re-building 'GSoC-2017_additions.Rmd'
    
    --- re-building 'an_introduction_to_markovchain_package.Rmd' using rmarkdown
    Error: processing vignette 'an_introduction_to_markovchain_package.Rmd' failed with diagnostics:
    pandoc version 2.2 or higher is required and was not found (see the help page ?rmarkdown::pandoc_available).
    --- failed re-building 'an_introduction_to_markovchain_package.Rmd'
    
    --- re-building 'complicateSteadyStates.Rmd' using rmarkdown
    Package: markovchain
    Version: 0.6.9.14
    Date: 2019-01-20
    BugReport: http://github.com/spedygiorgio/markovchain/issues
    
    --- finished re-building 'complicateSteadyStates.Rmd'
    
    --- re-building 'higher_order_markov_chains.Rmd' using rmarkdown
    Error: processing vignette 'higher_order_markov_chains.Rmd' failed with diagnostics:
    pandoc version 2.2 or higher is required and was not found (see the help page ?rmarkdown::pandoc_available).
    --- failed re-building 'higher_order_markov_chains.Rmd'
    
    --- re-building 'markovchainCrashIntro.Rmd' using rmarkdown
    --- finished re-building 'markovchainCrashIntro.Rmd'
    
    SUMMARY: processing the following files failed:
     'an_introduction_to_markovchain_package.Rmd'
     'higher_order_markov_chains.Rmd'
    
    Error: Vignette re-building failed.
    Execution halted
Flavors: r-devel-windows-ix86+x86_64, r-release-windows-ix86+x86_64

Version: 0.6.9.14
Check: re-building of vignette outputs
Result: WARN
    Error in re-building vignettes:
     ...
    Package: markovchain
    Version: 0.6.9.14
    Date: 2019-01-20
    BugReport: http://github.com/spedygiorgio/markovchain/issues
    
    Error: processing vignette 'an_introduction_to_markovchain_package.Rmd' failed with diagnostics:
    pandoc version 2.2 or higher is required and was not found (see the help page ?rmarkdown::pandoc_available).
    Execution halted
Flavor: r-oldrel-windows-ix86+x86_64