CRAN Package Check Results for Package makeParallel

Last updated on 2019-09-22 18:47:40 CEST.

Flavor Version Tinstall Tcheck Ttotal Status Flags
r-devel-linux-x86_64-debian-clang 0.1.1 3.93 36.39 40.32 OK
r-devel-linux-x86_64-debian-gcc 0.1.1 2.91 29.42 32.33 OK
r-devel-linux-x86_64-fedora-clang 0.1.1 49.86 OK
r-devel-linux-x86_64-fedora-gcc 0.1.1 49.46 OK
r-devel-windows-ix86+x86_64 0.1.1 17.00 50.00 67.00 OK
r-patched-linux-x86_64 0.1.1 3.34 35.76 39.10 OK
r-patched-solaris-x86 0.1.1 74.60 OK
r-release-linux-x86_64 0.1.1 2.96 35.87 38.83 OK
r-release-windows-ix86+x86_64 0.1.1 9.00 54.00 63.00 OK
r-release-osx-x86_64 0.1.1 ERROR
r-oldrel-windows-ix86+x86_64 0.1.1 7.00 50.00 57.00 OK
r-oldrel-osx-x86_64 0.1.1 OK

Check Details

Version: 0.1.1
Check: package dependencies
Result: ERROR
    Package required but not available: ‘CodeDepends’
    
    See section ‘The DESCRIPTION file’ in the ‘Writing R Extensions’
    manual.
Flavor: r-release-osx-x86_64