CRAN Package Check Results for Package madrat

Last updated on 2019-09-15 13:47:18 CEST.

Flavor Version Tinstall Tcheck Ttotal Status Flags
r-devel-linux-x86_64-debian-clang 1.61.0 8.98 65.29 74.27 OK
r-devel-linux-x86_64-debian-gcc 1.61.0 6.72 51.65 58.37 OK
r-devel-linux-x86_64-fedora-clang 1.61.0 95.88 NOTE
r-devel-linux-x86_64-fedora-gcc 1.61.0 88.42 NOTE
r-devel-windows-ix86+x86_64 1.61.0 20.00 78.00 98.00 OK
r-patched-linux-x86_64 1.61.0 7.35 65.05 72.40 OK
r-patched-solaris-x86 1.61.0 131.60 NOTE
r-release-linux-x86_64 1.61.0 7.46 65.71 73.17 OK
r-release-windows-ix86+x86_64 1.61.0 16.00 133.00 149.00 OK
r-release-osx-x86_64 1.61.0 NOTE
r-oldrel-windows-ix86+x86_64 1.61.0 17.00 75.00 92.00 OK
r-oldrel-osx-x86_64 1.61.0 NOTE

Check Details

Version: 1.61.0
Check: dependencies in R code
Result: NOTE
    Namespaces in Imports field not imported from:
     ‘nnls’ ‘reshape2’ ‘stats’
     All declared Imports should be used.
Flavors: r-devel-linux-x86_64-fedora-clang, r-devel-linux-x86_64-fedora-gcc, r-patched-solaris-x86, r-release-osx-x86_64, r-oldrel-osx-x86_64