CRAN Package Check Results for Package lvplot

Last updated on 2019-09-20 21:46:28 CEST.

Flavor Version Tinstall Tcheck Ttotal Status Flags
r-devel-linux-x86_64-debian-clang 0.2.0 46.82 54.40 101.22 OK
r-devel-linux-x86_64-debian-gcc 0.2.0 46.87 41.97 88.84 OK
r-devel-linux-x86_64-fedora-clang 0.2.0 137.77 OK
r-devel-linux-x86_64-fedora-gcc 0.2.0 135.18 OK
r-devel-windows-ix86+x86_64 0.2.0 98.00 65.00 163.00 OK
r-patched-linux-x86_64 0.2.0 47.72 52.78 100.50 OK
r-patched-solaris-x86 0.2.0 252.80 OK
r-release-linux-x86_64 0.2.0 48.22 52.69 100.91 OK
r-release-windows-ix86+x86_64 0.2.0 71.00 78.00 149.00 OK
r-release-osx-x86_64 0.2.0 FAIL
r-oldrel-windows-ix86+x86_64 0.2.0 67.00 65.00 132.00 OK
r-oldrel-osx-x86_64 0.2.0 OK

Check Details

Version: 0.2.0
Check: dependencies in R code
Result: FAIL
    
Flavor: r-release-osx-x86_64