CRAN Package Check Results for Package lsbs

Last updated on 2019-06-15 22:58:46 CEST.

Flavor Version Tinstall Tcheck Ttotal Status Flags
r-devel-linux-x86_64-debian-clang 0.1 2.02 28.80 30.82 OK
r-devel-linux-x86_64-debian-gcc 0.1 1.58 22.80 24.38 OK
r-devel-linux-x86_64-fedora-clang 0.1 36.23 NOTE
r-devel-linux-x86_64-fedora-gcc 0.1 36.04 NOTE
r-devel-windows-ix86+x86_64 0.1 7.00 41.00 48.00 OK
r-patched-linux-x86_64 0.1 1.48 28.68 30.16 OK
r-patched-solaris-x86 0.1 88.60 NOTE
r-release-linux-x86_64 0.1 1.96 28.30 30.26 OK
r-release-windows-ix86+x86_64 0.1 4.00 53.00 57.00 OK
r-release-osx-x86_64 0.1 NOTE
r-oldrel-windows-ix86+x86_64 0.1 2.00 54.00 56.00 OK
r-oldrel-osx-x86_64 0.1 NOTE

Check Details

Version: 0.1
Check: dependencies in R code
Result: NOTE
    Namespace in Imports field not imported from: ‘Matrix’
     All declared Imports should be used.
Flavors: r-devel-linux-x86_64-fedora-clang, r-devel-linux-x86_64-fedora-gcc, r-patched-solaris-x86, r-release-osx-x86_64, r-oldrel-osx-x86_64