CRAN Package Check Results for Package lsbs

Last updated on 2019-04-19 04:48:58 CEST.

Flavor Version Tinstall Tcheck Ttotal Status Flags
r-devel-linux-x86_64-debian-clang 0.1 1.89 29.19 31.08 OK
r-devel-linux-x86_64-debian-gcc 0.1 1.50 22.91 24.41 OK
r-devel-linux-x86_64-fedora-clang 0.1 36.94 NOTE
r-devel-linux-x86_64-fedora-gcc 0.1 35.69 NOTE
r-devel-windows-ix86+x86_64 0.1 5.00 42.00 47.00 OK
r-patched-linux-x86_64 0.1 1.99 28.27 30.26 OK
r-patched-solaris-x86 0.1 87.10 NOTE
r-release-linux-x86_64 0.1 1.22 26.80 28.02 OK
r-release-windows-ix86+x86_64 0.1 3.00 55.00 58.00 OK
r-release-osx-x86_64 0.1 NOTE
r-oldrel-windows-ix86+x86_64 0.1 3.00 59.00 62.00 OK
r-oldrel-osx-x86_64 0.1 NOTE

Check Details

Version: 0.1
Check: dependencies in R code
Result: NOTE
    Namespace in Imports field not imported from: ‘Matrix’
     All declared Imports should be used.
Flavors: r-devel-linux-x86_64-fedora-clang, r-devel-linux-x86_64-fedora-gcc, r-patched-solaris-x86, r-release-osx-x86_64, r-oldrel-osx-x86_64