CRAN Package Check Results for Package localICE

Last updated on 2020-01-22 13:49:03 CET.

Flavor Version Tinstall Tcheck Ttotal Status Flags
r-devel-linux-x86_64-debian-clang 0.1.0 3.34 41.97 45.31 OK
r-devel-linux-x86_64-debian-gcc 0.1.0 2.59 32.30 34.89 OK
r-devel-linux-x86_64-fedora-clang 0.1.0 54.34 NOTE
r-devel-linux-x86_64-fedora-gcc 0.1.0 52.39 NOTE
r-devel-windows-ix86+x86_64 0.1.0 17.00 83.00 100.00 OK
r-devel-windows-ix86+x86_64-gcc8 0.1.0 20.00 80.00 100.00 OK
r-patched-linux-x86_64 0.1.0 2.56 36.28 38.84 OK
r-patched-solaris-x86 0.1.0 72.00 NOTE
r-release-linux-x86_64 0.1.0 2.22 36.71 38.93 OK
r-release-windows-ix86+x86_64 0.1.0 10.00 75.00 85.00 OK
r-release-osx-x86_64 0.1.0 NOTE
r-oldrel-windows-ix86+x86_64 0.1.0 5.00 50.00 55.00 OK
r-oldrel-osx-x86_64 0.1.0 NOTE

Check Details

Version: 0.1.0
Check: dependencies in R code
Result: NOTE
    Namespace in Imports field not imported from: ‘checkmate’
     All declared Imports should be used.
Flavors: r-devel-linux-x86_64-fedora-clang, r-devel-linux-x86_64-fedora-gcc, r-patched-solaris-x86, r-release-osx-x86_64, r-oldrel-osx-x86_64