CRAN Package Check Results for Package localICE

Last updated on 2019-09-15 15:47:26 CEST.

Flavor Version Tinstall Tcheck Ttotal Status Flags
r-devel-linux-x86_64-debian-clang 0.1.0 3.06 37.89 40.95 OK
r-devel-linux-x86_64-debian-gcc 0.1.0 3.09 29.83 32.92 OK
r-devel-linux-x86_64-fedora-clang 0.1.0 48.86 NOTE
r-devel-linux-x86_64-fedora-gcc 0.1.0 47.17 NOTE
r-devel-windows-ix86+x86_64 0.1.0 24.00 51.00 75.00 OK
r-patched-linux-x86_64 0.1.0 3.39 36.51 39.90 OK
r-patched-solaris-x86 0.1.0 71.80 NOTE
r-release-linux-x86_64 0.1.0 2.70 36.87 39.57 OK
r-release-windows-ix86+x86_64 0.1.0 12.00 72.00 84.00 OK
r-release-osx-x86_64 0.1.0 NOTE
r-oldrel-windows-ix86+x86_64 0.1.0 10.00 49.00 59.00 OK
r-oldrel-osx-x86_64 0.1.0 NOTE

Check Details

Version: 0.1.0
Check: dependencies in R code
Result: NOTE
    Namespace in Imports field not imported from: ‘checkmate’
     All declared Imports should be used.
Flavors: r-devel-linux-x86_64-fedora-clang, r-devel-linux-x86_64-fedora-gcc, r-patched-solaris-x86, r-release-osx-x86_64, r-oldrel-osx-x86_64