CRAN Package Check Results for Package linkspotter

Last updated on 2020-01-21 00:54:44 CET.

Flavor Version Tinstall Tcheck Ttotal Status Flags
r-devel-linux-x86_64-debian-clang 1.2.0 13.56 126.43 139.99 NOTE
r-devel-linux-x86_64-debian-gcc 1.2.0 10.40 95.61 106.01 NOTE
r-devel-linux-x86_64-fedora-clang 1.2.0 165.51 OK
r-devel-linux-x86_64-fedora-gcc 1.2.0 160.50 OK
r-devel-windows-ix86+x86_64 1.2.0 60.00 202.00 262.00 NOTE
r-devel-windows-ix86+x86_64-gcc8 1.2.0 37.00 222.00 259.00 NOTE
r-patched-linux-x86_64 1.2.0 10.48 111.14 121.62 OK
r-patched-solaris-x86 1.2.0 215.50 WARN
r-release-linux-x86_64 1.2.0 11.10 109.75 120.85 OK
r-release-windows-ix86+x86_64 1.2.0 22.00 184.00 206.00 OK
r-release-osx-x86_64 1.2.0 WARN
r-oldrel-windows-ix86+x86_64 1.2.0 13.00 121.00 134.00 OK
r-oldrel-osx-x86_64 1.2.0 WARN

Check Details

Version: 1.2.0
Check: package vignettes
Result: NOTE
    Package vignette with placeholder title 'Vignette Title':
     'linkspotterVignette.Rmd'
Flavors: r-devel-linux-x86_64-debian-clang, r-devel-linux-x86_64-debian-gcc, r-devel-windows-ix86+x86_64, r-devel-windows-ix86+x86_64-gcc8

Version: 1.2.0
Check: re-building of vignette outputs
Result: WARN
    Error(s) in re-building vignettes:
     ...
    --- re-building ‘linkspotterVignette.Rmd’ using rmarkdown
    Warning in engine$weave(file, quiet = quiet, encoding = enc) :
     Pandoc (>= 1.12.3) and/or pandoc-citeproc not available. Falling back to R Markdown v1.
    Quitting from lines 109-112 (linkspotterVignette.Rmd)
    Error: processing vignette 'linkspotterVignette.Rmd' failed with diagnostics:
    there is no package called 'webshot'
    --- failed re-building ‘linkspotterVignette.Rmd’
    
    SUMMARY: processing the following file failed:
     ‘linkspotterVignette.Rmd’
    
    Error: Vignette re-building failed.
    Execution halted
Flavor: r-patched-solaris-x86

Version: 1.2.0
Check: re-building of vignette outputs
Result: WARN
    Error(s) in re-building vignettes:
     ...
    --- re-building ‘linkspotterVignette.Rmd’ using rmarkdown
    Warning in engine$weave(file, quiet = quiet, encoding = enc) :
     Pandoc (>= 1.12.3) and/or pandoc-citeproc not available. Falling back to R Markdown v1.
    Quitting from lines 109-112 (linkspotterVignette.Rmd)
    Error: processing vignette 'linkspotterVignette.Rmd' failed with diagnostics:
    cannot open the connection
    --- failed re-building ‘linkspotterVignette.Rmd’
    
    SUMMARY: processing the following file failed:
     ‘linkspotterVignette.Rmd’
    
    Error: Vignette re-building failed.
    Execution halted
Flavor: r-release-osx-x86_64

Version: 1.2.0
Check: re-building of vignette outputs
Result: WARN
    Error in re-building vignettes:
     ...
    Warning in engine$weave(file, quiet = quiet, encoding = enc) :
     Pandoc (>= 1.12.3) and/or pandoc-citeproc not available. Falling back to R Markdown v1.
    Quitting from lines 109-112 (linkspotterVignette.Rmd)
    Error: processing vignette 'linkspotterVignette.Rmd' failed with diagnostics:
    cannot open the connection
    Execution halted
Flavor: r-oldrel-osx-x86_64