CRAN Package Check Results for Package lime

Last updated on 2019-04-19 03:47:34 CEST.

Flavor Version Tinstall Tcheck Ttotal Status Flags
r-devel-linux-x86_64-debian-clang 0.4.1 37.45 259.86 297.31 OK
r-devel-linux-x86_64-debian-gcc 0.4.1 29.55 284.67 314.22 OK
r-devel-linux-x86_64-fedora-clang 0.4.1 365.35 OK
r-devel-linux-x86_64-fedora-gcc 0.4.1 460.67 OK
r-devel-windows-ix86+x86_64 0.4.1 106.00 1196.00 1302.00 OK
r-patched-linux-x86_64 0.4.1 35.34 346.50 381.84 OK
r-patched-solaris-x86 0.4.1 399.60 ERROR
r-release-linux-x86_64 0.4.1 32.97 359.89 392.86 OK
r-release-windows-ix86+x86_64 0.4.1 67.00 1234.00 1301.00 WARN
r-release-osx-x86_64 0.4.1 WARN
r-oldrel-windows-ix86+x86_64 0.4.1 97.00 1109.00 1206.00 WARN
r-oldrel-osx-x86_64 0.4.1 WARN

Check Details

Version: 0.4.1
Check: package dependencies
Result: NOTE
    Package suggested but not available for checking: ‘xgboost’
Flavor: r-patched-solaris-x86

Version: 0.4.1
Check: examples
Result: ERROR
    Running examples in ‘lime-Ex.R’ failed
    The error most likely occurred in:
    
    > ### Name: interactive_text_explanations
    > ### Title: Interactive explanations
    > ### Aliases: interactive_text_explanations text_explanations_output
    > ### render_text_explanations
    >
    > ### ** Examples
    >
    > library(text2vec)
    > library(xgboost)
    Error in library(xgboost) : there is no package called ‘xgboost’
    Execution halted
Flavor: r-patched-solaris-x86

Version: 0.4.1
Check: tests
Result: ERROR
     Running ‘testthat.R’ [19s/87s]
    Running the tests in ‘tests/testthat.R’ failed.
    Complete output:
     > library(testthat)
     > library(lime)
     >
     > test_check("lime")
    
     H2O is not running yet, starting it now...
    
     Note: In case of errors look at the following log files:
     /tmp/RtmpBfaaXD/h2o_ripley_started_from_r.out
     /tmp/RtmpBfaaXD/h2o_ripley_started_from_r.err
    
     java version "1.7.0_65"
     Java(TM) SE Runtime Environment (build 1.7.0_65-b17)
     Java HotSpot(TM) Server VM (build 24.65-b04, mixed mode)
    
     Starting H2O JVM and connecting: .... Connection successful!
    
     R is connected to the H2O cluster:
     H2O cluster uptime: 6 seconds 698 milliseconds
     H2O cluster timezone: Europe/London
     H2O data parsing timezone: UTC
     H2O cluster version: 3.22.1.1
     H2O cluster version age: 3 months and 19 days !!!
     H2O cluster name: H2O_started_from_R_ripley_abp788
     H2O cluster total nodes: 1
     H2O cluster total memory: 0.89 GB
     H2O cluster total cores: 16
     H2O cluster allowed cores: 16
     H2O cluster healthy: TRUE
     H2O Connection ip: localhost
     H2O Connection port: 54321
     H2O Connection proxy: NA
     H2O Internal Security: FALSE
     H2O API Extensions: AutoML, Algos, Core V3, Core V4
     R Version: R version 3.6.0 beta (2019-04-15 r76395)
    
     ── 1. Error: (unknown) (@test-text.R#3) ───────────────────────────────────────
     there is no package called 'xgboost'
     1: library(xgboost) at testthat/test-text.R:3
    
     ══ testthat results ═══════════════════════════════════════════════════════════
     OK: 19 SKIPPED: 0 FAILED: 1
     1. Error: (unknown) (@test-text.R#3)
    
     Error: testthat unit tests failed
     Execution halted
Flavor: r-patched-solaris-x86

Version: 0.4.1
Check: re-building of vignette outputs
Result: WARN
    Error(s) in re-building vignettes:
     ...
    --- re-building ‘Understanding_lime.Rmd’ using rmarkdown
    Warning in engine$weave(file, quiet = quiet, encoding = enc) :
     Pandoc (>= 1.12.3) and/or pandoc-citeproc not available. Falling back to R Markdown v1.
    Quitting from lines 185-224 (Understanding_lime.Rmd)
    Error: processing vignette 'Understanding_lime.Rmd' failed with diagnostics:
    there is no package called 'xgboost'
    --- failed re-building ‘Understanding_lime.Rmd’
    
    SUMMARY: processing the following file failed:
     ‘Understanding_lime.Rmd’
    
    Error: Vignette re-building failed.
    Execution halted
Flavor: r-patched-solaris-x86

Version: 0.4.1
Check: whether package can be installed
Result: WARN
    Found the following significant warnings:
     Warning: S3 methods '[.fun_list', '[.grouped_df', 'all.equal.tbl_df', 'anti_join.data.frame', 'anti_join.tbl_df', 'arrange.data.frame', 'arrange.default', 'arrange.grouped_df', 'arrange.tbl_df', 'arrange_.data.frame', 'arrange_.tbl_df', 'as.data.frame.grouped_df', 'as.data.frame.rowwise_df', 'as.data.frame.tbl_cube', 'as.table.tbl_cube', 'as.tbl.data.frame', 'as.tbl.tbl', 'as.tbl_cube.array', 'as.tbl_cube.data.frame', 'as.tbl_cube.matrix', 'as.tbl_cube.table', 'as_tibble.grouped_df', 'as_tibble.tbl_cube', 'auto_copy.tbl_cube', 'auto_copy.tbl_df', 'cbind.grouped_df', 'collapse.data.frame', 'collect.data.frame', 'common_by.NULL', 'common_by.character', 'common_by.default', 'common_by.list', 'compute.data.frame', 'copy_to.DBIConnection', 'copy_to.src_local', 'default_missing.data.frame', 'default_missing.default', 'dim.tbl_cube', 'distinct.data.frame', 'distinct.default', 'distinct.grouped_df', 'distinct.tbl_df', 'distinct_.data.frame', 'distinct_.grouped_df', 'distinct_.tbl_df', 'do.NULL', 'do.da [... truncated]
Flavors: r-release-windows-ix86+x86_64, r-oldrel-windows-ix86+x86_64

Version: 0.4.1
Check: re-building of vignette outputs
Result: WARN
    Error in re-building vignettes:
     ...
    Warning in engine$weave(file, quiet = quiet, encoding = enc) :
     Pandoc (>= 1.12.3) and/or pandoc-citeproc not available. Falling back to R Markdown v1.
    Quitting from lines 262-263 (Understanding_lime.Rmd)
    Error: processing vignette 'Understanding_lime.Rmd' failed with diagnostics:
    cannot open the connection
    Execution halted
Flavors: r-release-osx-x86_64, r-oldrel-osx-x86_64