CRAN Package Check Results for Package lhs

Last updated on 2017-08-23 20:52:19.

Flavor Version Tinstall Tcheck Ttotal Status Flags
r-devel-linux-x86_64-debian-clang 0.14 3.39 15.43 18.82 NOTE
r-devel-linux-x86_64-debian-gcc 0.14 2.78 15.35 18.13 NOTE
r-devel-linux-x86_64-fedora-clang 0.14 32.88 NOTE
r-devel-linux-x86_64-fedora-gcc 0.14 30.21 NOTE
r-devel-windows-ix86+x86_64 0.14 18.00 46.00 64.00 OK
r-patched-linux-x86_64 0.14 3.06 14.95 18.01 NOTE
r-patched-solaris-x86 0.14 42.70 OK
r-release-linux-x86_64 0.14 2.96 15.40 18.37 NOTE
r-release-windows-ix86+x86_64 0.14 16.00 44.00 60.00 OK
r-release-osx-x86_64 0.14 NOTE
r-oldrel-windows-ix86+x86_64 0.14 27.00 53.00 80.00 OK
r-oldrel-osx-x86_64 0.14 OK

Additional issues

noLD

Check Details

Version: 0.14
Check: compiled code
Result: NOTE
    File ‘lhs/libs/lhs.so’:
     Found no calls to: ‘R_registerRoutines’, ‘R_useDynamicSymbols’
    
    It is good practice to register native routines and to disable symbol
    search.
    
    See ‘Writing portable packages’ in the ‘Writing R Extensions’ manual.
Flavors: r-devel-linux-x86_64-debian-clang, r-devel-linux-x86_64-debian-gcc, r-devel-linux-x86_64-fedora-clang, r-devel-linux-x86_64-fedora-gcc, r-patched-linux-x86_64, r-release-linux-x86_64

Version: 0.14
Check: re-building of vignette outputs
Result: NOTE
    Error in re-building vignettes:
     ...
    Loading required package: lhs
    Error in texi2dvi(file = file, pdf = TRUE, clean = clean, quiet = quiet, :
     Running 'texi2dvi' on 'augmentLHS_Example.tex' failed.
    LaTeX errors:
    ! LaTeX Error: File `fullpage.sty' not found.
    
    Type X to quit or <RETURN> to proceed,
    or enter new name. (Default extension: sty)
    
    ! Emergency stop.
    <read *>
    
    l.4 \usepackage
     {graphicx} % for figure inclusion^^M
    ! ==> Fatal error occurred, no output PDF file produced!
    Calls: buildVignettes -> texi2pdf -> texi2dvi
    Execution halted
Flavor: r-release-osx-x86_64