CRAN Package Check Results for Package leiden

Last updated on 2020-01-22 15:49:04 CET.

Flavor Version Tinstall Tcheck Ttotal Status Flags
r-devel-linux-x86_64-debian-clang 0.3.2 10.20 108.38 118.58 OK
r-devel-linux-x86_64-debian-gcc 0.3.2 8.92 84.46 93.38 OK
r-devel-linux-x86_64-fedora-clang 0.3.2 232.60 OK
r-devel-linux-x86_64-fedora-gcc 0.3.2 237.28 OK
r-devel-windows-ix86+x86_64 0.3.2 39.00 214.00 253.00 NOTE
r-devel-windows-ix86+x86_64-gcc8 0.3.2 30.00 217.00 247.00 NOTE
r-patched-linux-x86_64 0.3.2 9.10 98.08 107.18 OK
r-patched-solaris-x86 0.3.2 153.40 OK
r-release-linux-x86_64 0.3.2 9.43 98.04 107.47 OK
r-release-windows-ix86+x86_64 0.3.2 30.00 216.00 246.00 NOTE
r-release-osx-x86_64 0.3.2 OK
r-oldrel-windows-ix86+x86_64 0.3.2 20.00 177.00 197.00 NOTE
r-oldrel-osx-x86_64 0.3.2 OK

Check Details

Version: 0.3.2
Check: whether the namespace can be loaded with stated dependencies
Result: NOTE
    Warning in system2(command = python, args = paste0("\"", config_script, :
     running command '"C:/Users/CRAN/AppData/Local/r-miniconda/envs/r-reticulate/python.exe" "D:/RCompile/CRANpkg/lib/4.0/reticulate/config/config.py"' had status 2
    
    A namespace must be able to be loaded with just the base namespace
    loaded: otherwise if the namespace gets loaded by a saved object, the
    session will be unable to start.
    
    Probably some imports need to be declared in the NAMESPACE file.
Flavor: r-devel-windows-ix86+x86_64

Version: 0.3.2
Check: whether the namespace can be loaded with stated dependencies
Result: NOTE
    Warning in system2(command = python, args = paste0("\"", config_script, :
     running command '"C:/Users/CRAN/AppData/Local/r-miniconda/envs/r-reticulate/python.exe" "D:/RCompile/CRANpkg/lib/4.0gcc8/reticulate/config/config.py"' had status 2
    
    A namespace must be able to be loaded with just the base namespace
    loaded: otherwise if the namespace gets loaded by a saved object, the
    session will be unable to start.
    
    Probably some imports need to be declared in the NAMESPACE file.
Flavor: r-devel-windows-ix86+x86_64-gcc8

Version: 0.3.2
Check: whether the namespace can be loaded with stated dependencies
Result: NOTE
    Warning in system2(command = python, args = paste0("\"", config_script, :
     running command '"C:/Users/CRAN/AppData/Local/r-miniconda/envs/r-reticulate/python.exe" "d:/RCompile/CRANpkg/lib/3.6/reticulate/config/config.py"' had status 2
    
    A namespace must be able to be loaded with just the base namespace
    loaded: otherwise if the namespace gets loaded by a saved object, the
    session will be unable to start.
    
    Probably some imports need to be declared in the NAMESPACE file.
Flavor: r-release-windows-ix86+x86_64

Version: 0.3.2
Check: whether the namespace can be loaded with stated dependencies
Result: NOTE
    Warning in system2(command = python, args = paste0("\"", config_script, :
     running command '"C:/Users/CRAN/AppData/Local/r-miniconda/envs/r-reticulate/python.exe" "d:/RCompile/CRANpkg/lib/3.5/reticulate/config/config.py"' had status 2
    
    A namespace must be able to be loaded with just the base namespace
    loaded: otherwise if the namespace gets loaded by a saved object, the
    session will be unable to start.
    
    Probably some imports need to be declared in the NAMESPACE file.
Flavor: r-oldrel-windows-ix86+x86_64