CRAN Package Check Results for Package ldstatsHD

Last updated on 2017-12-17 12:46:28 CET.

Flavor Version Tinstall Tcheck Ttotal Status Flags
r-devel-linux-x86_64-debian-clang 1.0.1 7.50 165.86 173.36 OK
r-devel-linux-x86_64-debian-gcc 1.0.1 6.72 131.33 138.05 OK
r-devel-linux-x86_64-fedora-clang 1.0.1 215.36 OK
r-devel-linux-x86_64-fedora-gcc 1.0.1 209.78 OK
r-devel-windows-ix86+x86_64 1.0.1 16.00 158.00 174.00 OK
r-patched-linux-x86_64 1.0.1 7.76 184.54 192.30 OK
r-patched-solaris-x86 1.0.1 306.20 OK
r-release-linux-x86_64 1.0.1 8.39 176.97 185.36 OK
r-release-windows-ix86+x86_64 1.0.1 16.00 161.00 177.00 OK
r-release-osx-x86_64 1.0.1 ERROR
r-oldrel-windows-ix86+x86_64 1.0.1 22.00 211.00 233.00 OK
r-oldrel-osx-x86_64 1.0.1 OK

Check Details

Version: 1.0.1
Check: package dependencies
Result: ERROR
    Package required but not available: ‘qvalue’
    
    See section ‘The DESCRIPTION file’ in the ‘Writing R Extensions’
    manual.
Flavor: r-release-osx-x86_64