CRAN Package Check Results for Package lcmm

Last updated on 2017-12-15 00:46:40 CET.

Flavor Version Tinstall Tcheck Ttotal Status Flags
r-devel-linux-x86_64-debian-clang 1.7.8 45.91 123.31 169.22 FAIL
r-devel-linux-x86_64-debian-gcc 1.7.8 41.93 123.11 165.04 OK
r-devel-linux-x86_64-fedora-clang 1.7.8 247.78 OK
r-devel-linux-x86_64-fedora-gcc 1.7.8 242.49 OK
r-devel-windows-ix86+x86_64 1.7.8 193.00 184.00 377.00 OK
r-patched-linux-x86_64 1.7.8 47.47 171.15 218.62 OK
r-patched-solaris-x86 1.7.8 491.80 OK
r-release-linux-x86_64 1.7.8 47.14 173.71 220.85 OK
r-release-windows-ix86+x86_64 1.7.8 93.00 232.00 325.00 OK
r-release-osx-x86_64 1.7.8 OK
r-oldrel-windows-ix86+x86_64 1.7.8 93.00 197.00 290.00 OK
r-oldrel-osx-x86_64 1.7.8 OK

Check Details

Version: 1.7.8
Check: pragmas in C/C++ headers and code
Result: FAIL
    
Flavor: r-devel-linux-x86_64-debian-clang