CRAN Package Check Results for Package latentnet

Last updated on 2018-10-20 09:55:02 CEST.

Flavor Version Tinstall Tcheck Ttotal Status Flags
r-devel-linux-x86_64-debian-clang 2.9.0 17.67 144.99 162.66 OK
r-devel-linux-x86_64-debian-gcc 2.9.0 13.16 111.44 124.60 OK
r-devel-linux-x86_64-fedora-clang 2.9.0 188.85 OK
r-devel-linux-x86_64-fedora-gcc 2.9.0 182.48 OK
r-devel-windows-ix86+x86_64 2.9.0 43.00 272.00 315.00 OK
r-patched-linux-x86_64 2.9.0 12.91 126.89 139.80 OK
r-patched-solaris-x86 2.9.0 241.20 OK
r-release-linux-x86_64 2.9.0 15.80 126.65 142.45 OK
r-release-windows-ix86+x86_64 2.9.0 47.00 273.00 320.00 OK
r-release-osx-x86_64 2.9.0 OK
r-oldrel-windows-ix86+x86_64 2.9.0 26.00 290.00 316.00 OK
r-oldrel-osx-x86_64 2.9.0 ERROR

Check Details

Version: 2.9.0
Check: package dependencies
Result: ERROR
    Package required and available but unsuitable version: ‘ergm’
    
    See section ‘The DESCRIPTION file’ in the ‘Writing R Extensions’
    manual.
Flavor: r-oldrel-osx-x86_64