CRAN Package Check Results for Package latentnet

Last updated on 2018-07-21 14:47:32 CEST.

Flavor Version Tinstall Tcheck Ttotal Status Flags
r-devel-linux-x86_64-debian-clang 2.8.0 15.40 124.16 139.56 WARN
r-devel-linux-x86_64-debian-gcc 2.8.0 13.02 100.12 113.14 WARN
r-devel-linux-x86_64-fedora-clang 2.8.0 165.39 WARN
r-devel-linux-x86_64-fedora-gcc 2.8.0 160.59 WARN
r-devel-windows-ix86+x86_64 2.8.0 50.00 187.00 237.00 WARN
r-patched-linux-x86_64 2.8.0 WARN
r-patched-solaris-x86 2.8.0 221.40 WARN
r-release-linux-x86_64 2.8.0 12.59 114.48 127.07 WARN
r-release-windows-ix86+x86_64 2.8.0 48.00 182.00 230.00 WARN
r-release-osx-x86_64 2.8.0 OK
r-oldrel-windows-ix86+x86_64 2.8.0 28.00 256.00 284.00 WARN
r-oldrel-osx-x86_64 2.8.0 OK

Check Details

Version: 2.8.0
Check: whether package can be installed
Result: WARN
    Found the following significant warnings:
     Warning: replacing previous import ‘ergm::colMeans.mcmc.list’ by ‘statnet.common::colMeans.mcmc.list’ when loading ‘latentnet’
     Warning: replacing previous import ‘ergm::sweep.mcmc.list’ by ‘statnet.common::sweep.mcmc.list’ when loading ‘latentnet’
Flavors: r-devel-linux-x86_64-debian-clang, r-devel-linux-x86_64-debian-gcc, r-devel-linux-x86_64-fedora-clang, r-devel-linux-x86_64-fedora-gcc, r-devel-windows-ix86+x86_64, r-patched-linux-x86_64, r-patched-solaris-x86, r-release-linux-x86_64, r-release-windows-ix86+x86_64, r-oldrel-windows-ix86+x86_64