CRAN Package Check Results for Package labelrank

Last updated on 2019-09-15 13:47:17 CEST.

Flavor Version Tinstall Tcheck Ttotal Status Flags
r-devel-linux-x86_64-debian-clang 0.1 2.04 22.64 24.68 NOTE
r-devel-linux-x86_64-debian-gcc 0.1 1.62 18.24 19.86 NOTE
r-devel-linux-x86_64-fedora-clang 0.1 29.65 OK
r-devel-linux-x86_64-fedora-gcc 0.1 29.58 OK
r-devel-windows-ix86+x86_64 0.1 7.00 34.00 41.00 NOTE
r-patched-linux-x86_64 0.1 1.42 22.35 23.77 OK
r-patched-solaris-x86 0.1 43.90 OK
r-release-linux-x86_64 0.1 1.64 22.01 23.65 OK
r-release-windows-ix86+x86_64 0.1 5.00 52.00 57.00 OK
r-release-osx-x86_64 0.1 OK
r-oldrel-windows-ix86+x86_64 0.1 4.00 33.00 37.00 OK
r-oldrel-osx-x86_64 0.1 OK

Check Details

Version: 0.1
Check: package vignettes
Result: NOTE
    Package vignette with placeholder title 'Vignette Title':
     'labelrank.Rmd'
Flavors: r-devel-linux-x86_64-debian-clang, r-devel-linux-x86_64-debian-gcc, r-devel-windows-ix86+x86_64