CRAN Package Check Results for Package labdsv

Last updated on 2018-06-18 21:47:43 CEST.

Flavor Version Tinstall Tcheck Ttotal Status Flags
r-devel-linux-x86_64-debian-clang 1.8-0 9.16 71.71 80.87 NOTE
r-devel-linux-x86_64-debian-gcc 1.8-0 6.00 62.55 68.55 NOTE
r-devel-linux-x86_64-fedora-clang 1.8-0 104.55 NOTE
r-devel-linux-x86_64-fedora-gcc 1.8-0 100.30 NOTE
r-devel-windows-ix86+x86_64 1.8-0 27.00 110.00 137.00 OK
r-patched-linux-x86_64 1.8-0 6.86 70.74 77.60 NOTE
r-patched-solaris-x86 1.8-0 140.80 OK
r-release-linux-x86_64 1.8-0 7.10 70.13 77.23 NOTE
r-release-windows-ix86+x86_64 1.8-0 21.00 135.00 156.00 OK
r-release-osx-x86_64 1.8-0 OK
r-oldrel-windows-ix86+x86_64 1.8-0 15.00 137.00 152.00 OK
r-oldrel-osx-x86_64 1.8-0 OK

Check Details

Version: 1.8-0
Check: compiled code
Result: NOTE
    File ‘labdsv/libs/labdsv.so’:
     Found no calls to: ‘R_registerRoutines’, ‘R_useDynamicSymbols’
    
    It is good practice to register native routines and to disable symbol
    search.
    
    See ‘Writing portable packages’ in the ‘Writing R Extensions’ manual.
Flavors: r-devel-linux-x86_64-debian-clang, r-devel-linux-x86_64-debian-gcc, r-devel-linux-x86_64-fedora-clang, r-devel-linux-x86_64-fedora-gcc, r-patched-linux-x86_64, r-release-linux-x86_64