CRAN Package Check Results for Package labdsv

Last updated on 2017-12-11 13:48:10 CET.

Flavor Version Tinstall Tcheck Ttotal Status Flags
r-devel-linux-x86_64-debian-clang 1.8-0 4.47 59.17 63.64 NOTE
r-devel-linux-x86_64-debian-gcc 1.8-0 4.55 51.29 55.84 NOTE
r-devel-linux-x86_64-fedora-clang 1.8-0 91.25 NOTE
r-devel-linux-x86_64-fedora-gcc 1.8-0 89.36 NOTE
r-devel-windows-ix86+x86_64 1.8-0 21.00 105.00 126.00 OK
r-patched-linux-x86_64 1.8-0 5.10 73.40 78.50 NOTE
r-patched-solaris-x86 1.8-0 146.10 OK
r-release-linux-x86_64 1.8-0 5.23 73.76 78.99 NOTE
r-release-windows-ix86+x86_64 1.8-0 16.00 113.00 129.00 OK
r-release-osx-x86_64 1.8-0 OK
r-oldrel-windows-ix86+x86_64 1.8-0 19.00 106.00 125.00 OK
r-oldrel-osx-x86_64 1.8-0 OK

Check Details

Version: 1.8-0
Check: compiled code
Result: NOTE
    File ‘labdsv/libs/labdsv.so’:
     Found no calls to: ‘R_registerRoutines’, ‘R_useDynamicSymbols’
    
    It is good practice to register native routines and to disable symbol
    search.
    
    See ‘Writing portable packages’ in the ‘Writing R Extensions’ manual.
Flavors: r-devel-linux-x86_64-debian-clang, r-devel-linux-x86_64-debian-gcc, r-devel-linux-x86_64-fedora-clang, r-devel-linux-x86_64-fedora-gcc, r-patched-linux-x86_64, r-release-linux-x86_64