CRAN Package Check Results for Package labdsv

Last updated on 2018-09-26 08:48:16 CEST.

Flavor Version Tinstall Tcheck Ttotal Status Flags
r-devel-linux-x86_64-debian-clang 1.8-0 8.74 80.22 88.96 OK
r-devel-linux-x86_64-debian-gcc 1.8-0 6.64 63.17 69.81 OK
r-devel-linux-x86_64-fedora-clang 1.8-0 103.12 NOTE
r-devel-linux-x86_64-fedora-gcc 1.8-0 102.44 NOTE
r-devel-windows-ix86+x86_64 1.8-0 28.00 152.00 180.00 OK
r-patched-linux-x86_64 1.8-0 8.06 70.46 78.52 OK
r-patched-solaris-x86 1.8-0 138.20 OK
r-release-linux-x86_64 1.8-0 7.00 70.51 77.51 OK
r-release-windows-ix86+x86_64 1.8-0 20.00 147.00 167.00 OK
r-release-osx-x86_64 1.8-0 OK
r-oldrel-windows-ix86+x86_64 1.8-0 15.00 164.00 179.00 OK
r-oldrel-osx-x86_64 1.8-0 OK

Check Details

Version: 1.8-0
Check: compiled code
Result: NOTE
    File ‘labdsv/libs/labdsv.so’:
     Found no calls to: ‘R_registerRoutines’, ‘R_useDynamicSymbols’
    
    It is good practice to register native routines and to disable symbol
    search.
    
    See ‘Writing portable packages’ in the ‘Writing R Extensions’ manual.
Flavors: r-devel-linux-x86_64-fedora-clang, r-devel-linux-x86_64-fedora-gcc