CRAN Package Check Results for Package kvh

Last updated on 2019-09-20 21:46:27 CEST.

Flavor Version Tinstall Tcheck Ttotal Status Flags
r-devel-linux-x86_64-debian-clang 1.4.1 18.31 23.01 41.32 NOTE
r-devel-linux-x86_64-debian-gcc 1.4.1 13.97 18.73 32.70 NOTE
r-devel-linux-x86_64-fedora-clang 1.4.1 57.49 NOTE
r-devel-linux-x86_64-fedora-gcc 1.4.1 55.45 NOTE
r-devel-windows-ix86+x86_64 1.4.1 48.00 55.00 103.00 OK
r-patched-linux-x86_64 1.4.1 16.52 22.85 39.37 OK
r-patched-solaris-x86 1.4.1 67.10 OK
r-release-linux-x86_64 1.4.1 15.78 23.07 38.85 OK
r-release-windows-ix86+x86_64 1.4.1 32.00 53.00 85.00 OK
r-release-osx-x86_64 1.4.1 OK
r-oldrel-windows-ix86+x86_64 1.4.1 32.00 55.00 87.00 OK
r-oldrel-osx-x86_64 1.4.1 OK

Check Details

Version: 1.4.1
Check: for non-standard things in the check directory
Result: NOTE
    Found the following files/directories:
     'm.kvh' 'test.kvh'
Flavors: r-devel-linux-x86_64-debian-clang, r-devel-linux-x86_64-debian-gcc, r-devel-linux-x86_64-fedora-clang, r-devel-linux-x86_64-fedora-gcc