CRAN Package Check Results for Package kml

Last updated on 2018-08-22 06:46:51 CEST.

Flavor Version Tinstall Tcheck Ttotal Status Flags
r-devel-linux-x86_64-debian-clang 2.4.1 5.42 47.57 52.99 NOTE
r-devel-linux-x86_64-debian-gcc 2.4.1 4.60 39.34 43.94 NOTE
r-devel-linux-x86_64-fedora-clang 2.4.1 61.88 NOTE
r-devel-linux-x86_64-fedora-gcc 2.4.1 61.92 NOTE
r-devel-windows-ix86+x86_64 2.4.1 12.00 84.00 96.00 OK
r-patched-linux-x86_64 2.4.1 5.66 45.02 50.68 NOTE
r-patched-solaris-x86 2.4.1 95.60 OK
r-release-linux-x86_64 2.4.1 5.78 44.13 49.91 NOTE
r-release-windows-ix86+x86_64 2.4.1 22.00 82.00 104.00 OK
r-release-osx-x86_64 2.4.1 OK
r-oldrel-windows-ix86+x86_64 2.4.1 11.00 109.00 120.00 OK
r-oldrel-osx-x86_64 2.4.1 OK

Check Details

Version: 2.4.1
Check: compiled code
Result: NOTE
    File ‘kml/libs/kml.so’:
     Found no calls to: ‘R_registerRoutines’, ‘R_useDynamicSymbols’
    
    It is good practice to register native routines and to disable symbol
    search.
    
    See ‘Writing portable packages’ in the ‘Writing R Extensions’ manual.
Flavors: r-devel-linux-x86_64-debian-clang, r-devel-linux-x86_64-debian-gcc, r-devel-linux-x86_64-fedora-clang, r-devel-linux-x86_64-fedora-gcc, r-patched-linux-x86_64, r-release-linux-x86_64