CRAN Package Check Results for Package kml

Last updated on 2018-11-18 10:50:03 CET.

Flavor Version Tinstall Tcheck Ttotal Status Flags
r-devel-linux-x86_64-debian-clang 2.4.1 4.95 45.89 50.84 OK
r-devel-linux-x86_64-debian-gcc 2.4.1 4.16 37.08 41.24 OK
r-devel-linux-x86_64-fedora-clang 2.4.1 58.97 NOTE
r-devel-linux-x86_64-fedora-gcc 2.4.1 58.94 NOTE
r-devel-windows-ix86+x86_64 2.4.1 17.00 80.00 97.00 OK
r-patched-linux-x86_64 2.4.1 6.01 43.97 49.98 OK
r-patched-solaris-x86 2.4.1 102.10 OK
r-release-linux-x86_64 2.4.1 5.53 44.31 49.84 OK
r-release-windows-ix86+x86_64 2.4.1 21.00 110.00 131.00 OK
r-release-osx-x86_64 2.4.1 OK
r-oldrel-windows-ix86+x86_64 2.4.1 9.00 108.00 117.00 OK
r-oldrel-osx-x86_64 2.4.1 OK

Check Details

Version: 2.4.1
Check: compiled code
Result: NOTE
    File ‘kml/libs/kml.so’:
     Found no calls to: ‘R_registerRoutines’, ‘R_useDynamicSymbols’
    
    It is good practice to register native routines and to disable symbol
    search.
    
    See ‘Writing portable packages’ in the ‘Writing R Extensions’ manual.
Flavors: r-devel-linux-x86_64-fedora-clang, r-devel-linux-x86_64-fedora-gcc