CRAN Package Check Results for Package kernlab

Last updated on 2019-09-20 18:48:06 CEST.

Flavor Version Tinstall Tcheck Ttotal Status Flags
r-devel-linux-x86_64-debian-clang 0.9-27 45.33 148.21 193.54 OK
r-devel-linux-x86_64-debian-gcc 0.9-27 27.93 114.71 142.64 OK
r-devel-linux-x86_64-fedora-clang 0.9-27 243.93 WARN
r-devel-linux-x86_64-fedora-gcc 0.9-27 232.89 OK
r-devel-windows-ix86+x86_64 0.9-27 119.00 235.00 354.00 OK
r-patched-linux-x86_64 0.9-27 41.74 148.47 190.21 OK
r-patched-solaris-x86 0.9-27 309.70 OK
r-release-linux-x86_64 0.9-27 42.03 150.10 192.13 OK
r-release-windows-ix86+x86_64 0.9-27 94.00 280.00 374.00 OK
r-release-osx-x86_64 0.9-27 OK
r-oldrel-windows-ix86+x86_64 0.9-27 88.00 197.00 285.00 OK
r-oldrel-osx-x86_64 0.9-27 OK

Additional issues

LTO

Check Details

Version: 0.9-27
Check: whether package can be installed
Result: WARN
    Found the following significant warnings:
     lcp.cpp:92:39: warning: 'bind2nd<std::__1::greater<int>, int>' is deprecated [-Wdeprecated-declarations]
Flavor: r-devel-linux-x86_64-fedora-clang