CRAN Package Check Results for Package kernelTDA

Last updated on 2019-09-24 10:51:24 CEST.

Flavor Version Tinstall Tcheck Ttotal Status Flags
r-devel-linux-x86_64-debian-clang 0.1.1 56.14 37.84 93.98 OK
r-devel-linux-x86_64-debian-gcc 0.1.1 47.72 31.28 79.00 OK
r-devel-linux-x86_64-fedora-clang 0.1.1 139.71 NOTE
r-devel-linux-x86_64-fedora-gcc 0.1.1 132.58 OK
r-devel-windows-ix86+x86_64 0.1.1 142.00 114.00 256.00 OK
r-patched-linux-x86_64 0.1.1 50.96 38.59 89.55 OK
r-patched-solaris-x86 0.1.1 134.40 OK
r-release-linux-x86_64 0.1.1 51.90 39.11 91.01 OK
r-release-windows-ix86+x86_64 0.1.1 143.00 100.00 243.00 OK
r-release-osx-x86_64 0.1.1 NOTE
r-oldrel-windows-ix86+x86_64 0.1.1 101.00 71.00 172.00 OK
r-oldrel-osx-x86_64 0.1.1 NOTE

Check Details

Version: 0.1.1
Check: installed package size
Result: NOTE
     installed size is 9.9Mb
     sub-directories of 1Mb or more:
     libs 9.6Mb
Flavors: r-devel-linux-x86_64-fedora-clang, r-release-osx-x86_64, r-oldrel-osx-x86_64