CRAN Package Check Results for Package jsmodule

Last updated on 2019-09-15 19:49:04 CEST.

Flavor Version Tinstall Tcheck Ttotal Status Flags
r-devel-linux-x86_64-debian-clang 1.0.0 25.37 163.64 189.01 OK
r-devel-linux-x86_64-debian-gcc 1.0.0 22.31 127.06 149.37 OK
r-devel-linux-x86_64-fedora-clang 1.0.0 223.49 NOTE
r-devel-linux-x86_64-fedora-gcc 1.0.0 191.40 NOTE
r-devel-windows-ix86+x86_64 1.0.0 85.00 270.00 355.00 OK
r-patched-linux-x86_64 1.0.0 23.48 158.21 181.69 OK
r-patched-solaris-x86 1.0.0 343.50 NOTE
r-release-linux-x86_64 1.0.0 27.30 158.75 186.05 OK
r-release-windows-ix86+x86_64 1.0.0 53.00 173.00 226.00 OK
r-release-osx-x86_64 1.0.0 NOTE
r-oldrel-windows-ix86+x86_64 1.0.0 62.00 164.00 226.00 OK
r-oldrel-osx-x86_64 1.0.0 NOTE

Check Details

Version: 1.0.0
Check: dependencies in R code
Result: NOTE
    Namespace in Imports field not imported from: ‘survC1’
     All declared Imports should be used.
Flavors: r-devel-linux-x86_64-fedora-clang, r-devel-linux-x86_64-fedora-gcc, r-patched-solaris-x86, r-release-osx-x86_64, r-oldrel-osx-x86_64