CRAN Package Check Results for Package jpndistrict

Last updated on 2019-09-24 10:51:24 CEST.

Flavor Version Tinstall Tcheck Ttotal Status Flags
r-devel-linux-x86_64-debian-clang 0.3.4 7.46 125.45 132.91 OK
r-devel-linux-x86_64-debian-gcc 0.3.4 6.03 95.08 101.11 OK
r-devel-linux-x86_64-fedora-clang 0.3.4 158.45 NOTE
r-devel-linux-x86_64-fedora-gcc 0.3.4 158.70 NOTE
r-devel-windows-ix86+x86_64 0.3.4 37.00 189.00 226.00 OK
r-patched-linux-x86_64 0.3.4 6.82 121.85 128.67 OK
r-patched-solaris-x86 0.3.4 229.50 NOTE
r-release-linux-x86_64 0.3.4 6.60 123.06 129.66 OK
r-release-windows-ix86+x86_64 0.3.4 29.00 182.00 211.00 OK
r-release-osx-x86_64 0.3.4 NOTE
r-oldrel-windows-ix86+x86_64 0.3.4 12.00 131.00 143.00 OK
r-oldrel-osx-x86_64 0.3.4 NOTE

Check Details

Version: 0.3.4
Check: data for non-ASCII characters
Result: NOTE
     Note: found 188 marked UTF-8 strings
Flavors: r-devel-linux-x86_64-fedora-clang, r-devel-linux-x86_64-fedora-gcc, r-patched-solaris-x86, r-release-osx-x86_64, r-oldrel-osx-x86_64