CRAN Package Check Results for Package jiebaRD

Last updated on 2019-10-20 21:48:37 CEST.

Flavor Version Tinstall Tcheck Ttotal Status Flags
r-devel-linux-x86_64-debian-clang 0.1 1.84 15.05 16.89 OK
r-devel-linux-x86_64-debian-gcc 0.1 1.58 12.41 13.99 OK
r-devel-linux-x86_64-fedora-clang 0.1 21.15 OK
r-devel-linux-x86_64-fedora-gcc 0.1 20.45 OK
r-devel-windows-ix86+x86_64 0.1 6.00 38.00 44.00 OK
r-patched-linux-x86_64 0.1 1.47 14.81 16.28 OK
r-patched-solaris-x86 0.1 32.40 NOTE
r-release-linux-x86_64 0.1 1.50 15.07 16.57 OK
r-release-windows-ix86+x86_64 0.1 8.00 27.00 35.00 OK
r-release-osx-x86_64 0.1 OK
r-oldrel-windows-ix86+x86_64 0.1 2.00 24.00 26.00 OK
r-oldrel-osx-x86_64 0.1 OK

Check Details

Version: 0.1
Check: installed package size
Result: NOTE
     installed size is 5.1Mb
     sub-directories of 1Mb or more:
     dict 5.0Mb
Flavor: r-patched-solaris-x86