CRAN Package Check Results for Package jiebaR

Last updated on 2019-09-19 14:46:49 CEST.

Flavor Version Tinstall Tcheck Ttotal Status Flags
r-devel-linux-x86_64-debian-clang 0.10.99 63.86 53.47 117.33 NOTE
r-devel-linux-x86_64-debian-gcc 0.10.99 51.05 45.00 96.05 NOTE
r-devel-linux-x86_64-fedora-clang 0.10.99 176.66 WARN
r-devel-linux-x86_64-fedora-gcc 0.10.99 165.34 OK
r-devel-windows-ix86+x86_64 0.10.99 182.00 145.00 327.00 NOTE
r-patched-linux-x86_64 0.10.99 53.49 54.48 107.97 OK
r-patched-solaris-x86 0.10.99 190.30 OK
r-release-linux-x86_64 0.10.99 54.50 54.00 108.50 OK
r-release-windows-ix86+x86_64 0.10.99 123.00 147.00 270.00 OK
r-release-osx-x86_64 0.10.99 NOTE
r-oldrel-windows-ix86+x86_64 0.10.99 109.00 134.00 243.00 OK
r-oldrel-osx-x86_64 0.10.99 NOTE

Check Details

Version: 0.10.99
Check: package vignettes
Result: NOTE
    Package vignette with placeholder title 'Vignette Title':
     'Quick_Start_Guide.Rmd'
Flavors: r-devel-linux-x86_64-debian-clang, r-devel-linux-x86_64-debian-gcc, r-devel-windows-ix86+x86_64

Version: 0.10.99
Check: whether package can be installed
Result: WARN
    Found the following significant warnings:
     ../inst/include/lib/limonp/StringUtil.hpp:83:70: warning: 'ptr_fun<int, int>' is deprecated [-Wdeprecated-declarations]
     ../inst/include/lib/limonp/StringUtil.hpp:88:61: warning: 'ptr_fun<int, int>' is deprecated [-Wdeprecated-declarations]
     ../inst/include/lib/limonp/StringUtil.hpp:97:70: warning: 'bind2nd<std::__1::equal_to<char>, char>' is deprecated [-Wdeprecated-declarations]
     ../inst/include/lib/limonp/StringUtil.hpp:102:61: warning: 'bind2nd<std::__1::equal_to<char>, char>' is deprecated [-Wdeprecated-declarations]
Flavor: r-devel-linux-x86_64-fedora-clang

Version: 0.10.99
Check: installed package size
Result: NOTE
     installed size is 6.0Mb
     sub-directories of 1Mb or more:
     libs 5.5Mb
Flavors: r-devel-linux-x86_64-fedora-clang, r-release-osx-x86_64, r-oldrel-osx-x86_64