CRAN Package Check Results for Package ivprobit

Last updated on 2019-09-22 18:47:39 CEST.

Flavor Version Tinstall Tcheck Ttotal Status Flags
r-devel-linux-x86_64-debian-clang 1.1 1.75 17.61 19.36 OK
r-devel-linux-x86_64-debian-gcc 1.1 1.41 14.21 15.62 OK
r-devel-linux-x86_64-fedora-clang 1.1 24.14 NOTE
r-devel-linux-x86_64-fedora-gcc 1.1 23.59 NOTE
r-devel-windows-ix86+x86_64 1.1 10.00 40.00 50.00 OK
r-patched-linux-x86_64 1.1 1.41 17.63 19.04 OK
r-patched-solaris-x86 1.1 36.80 NOTE
r-release-linux-x86_64 1.1 1.50 17.52 19.02 OK
r-release-windows-ix86+x86_64 1.1 4.00 45.00 49.00 OK
r-release-osx-x86_64 1.1 NOTE
r-oldrel-windows-ix86+x86_64 1.1 2.00 30.00 32.00 OK
r-oldrel-osx-x86_64 1.1 NOTE

Check Details

Version: 1.1
Check: dependencies in R code
Result: NOTE
    Namespace in Imports field not imported from: ‘methods’
     All declared Imports should be used.
Flavors: r-devel-linux-x86_64-fedora-clang, r-devel-linux-x86_64-fedora-gcc, r-patched-solaris-x86, r-release-osx-x86_64, r-oldrel-osx-x86_64