CRAN Package Check Results for Package isva

Last updated on 2019-09-20 01:47:46 CEST.

Flavor Version Tinstall Tcheck Ttotal Status Flags
r-devel-linux-x86_64-debian-clang 1.9 3.65 36.16 39.81 NOTE
r-devel-linux-x86_64-debian-gcc 1.9 3.43 28.37 31.80 NOTE
r-devel-linux-x86_64-fedora-clang 1.9 48.95 NOTE
r-devel-linux-x86_64-fedora-gcc 1.9 48.10 NOTE
r-devel-windows-ix86+x86_64 1.9 21.00 53.00 74.00 OK
r-patched-linux-x86_64 1.9 3.50 34.81 38.31 OK
r-patched-solaris-x86 1.9 73.80 OK
r-release-linux-x86_64 1.9 3.55 34.74 38.29 OK
r-release-windows-ix86+x86_64 1.9 11.00 80.00 91.00 OK
r-release-osx-x86_64 1.9 ERROR
r-oldrel-windows-ix86+x86_64 1.9 6.00 104.00 110.00 OK
r-oldrel-osx-x86_64 1.9 OK

Check Details

Version: 1.9
Check: for non-standard things in the check directory
Result: NOTE
    Found the following files/directories:
     'RMTplot.pdf'
Flavors: r-devel-linux-x86_64-debian-clang, r-devel-linux-x86_64-debian-gcc, r-devel-linux-x86_64-fedora-clang, r-devel-linux-x86_64-fedora-gcc

Version: 1.9
Check: package dependencies
Result: ERROR
    Package required but not available: ‘qvalue’
    
    See section ‘The DESCRIPTION file’ in the ‘Writing R Extensions’
    manual.
Flavor: r-release-osx-x86_64