CRAN Package Check Results for Package ipc

Last updated on 2019-04-21 07:47:06 CEST.

Flavor Version Tinstall Tcheck Ttotal Status Flags
r-devel-linux-x86_64-debian-clang 0.1.2 8.15 31.19 39.34 OK
r-devel-linux-x86_64-debian-gcc 0.1.2 7.85 29.51 37.36 OK
r-devel-linux-x86_64-fedora-clang 0.1.2 49.42 OK
r-devel-linux-x86_64-fedora-gcc 0.1.2 47.95 OK
r-devel-windows-ix86+x86_64 0.1.2 19.00 73.00 92.00 OK
r-patched-linux-x86_64 0.1.2 7.92 31.58 39.50 OK
r-patched-solaris-x86 0.1.2 117.00 NOTE
r-release-linux-x86_64 0.1.2 8.82 31.30 40.12 OK
r-release-windows-ix86+x86_64 0.1.2 10.00 56.00 66.00 OK
r-release-osx-x86_64 0.1.2 OK
r-oldrel-windows-ix86+x86_64 0.1.2 4.00 77.00 81.00 OK
r-oldrel-osx-x86_64 0.1.2 OK

Check Details

Version: 0.1.2
Check: package dependencies
Result: NOTE
    Package suggested but not available for checking: ‘redux’
Flavor: r-patched-solaris-x86