CRAN Package Check Results for Package iotools

Last updated on 2019-09-20 01:47:46 CEST.

Flavor Version Tinstall Tcheck Ttotal Status Flags
r-devel-linux-x86_64-debian-clang 0.2-5 5.43 26.89 32.32 NOTE
r-devel-linux-x86_64-debian-gcc 0.2-5 3.97 22.10 26.07 NOTE
r-devel-linux-x86_64-fedora-clang 0.2-5 41.30 NOTE
r-devel-linux-x86_64-fedora-gcc 0.2-5 39.31 NOTE
r-devel-windows-ix86+x86_64 0.2-5 27.00 56.00 83.00 ERROR
r-patched-linux-x86_64 0.2-5 4.75 27.15 31.90 NOTE
r-patched-solaris-x86 0.2-5 61.30 NOTE
r-release-linux-x86_64 0.2-5 4.39 26.75 31.14 NOTE
r-release-windows-ix86+x86_64 0.2-5 19.00 70.00 89.00 ERROR
r-release-osx-x86_64 0.2-5 NOTE
r-oldrel-windows-ix86+x86_64 0.2-5 16.00 53.00 69.00 NOTE
r-oldrel-osx-x86_64 0.2-5 NOTE

Additional issues

rchk

Check Details

Version: 0.2-5
Check: compiled code
Result: NOTE
    File 'iotools/libs/iotools.so':
     Found non-API calls to R: 'R_GetConnection', 'R_ReadConnection',
     'R_WriteConnection'
    
    Compiled code should not call non-API entry points in R.
    
    See 'Writing portable packages' in the 'Writing R Extensions' manual.
Flavors: r-devel-linux-x86_64-debian-clang, r-devel-linux-x86_64-debian-gcc, r-patched-linux-x86_64, r-patched-solaris-x86, r-release-linux-x86_64, r-release-osx-x86_64, r-oldrel-osx-x86_64

Version: 0.2-5
Check: compiled code
Result: NOTE
    File ‘iotools/libs/iotools.so’:
     Found non-API calls to R: ‘R_GetConnection’, ‘R_ReadConnection’,
     ‘R_WriteConnection’
    File ‘iotools/libs/iotools.so’:
     Found no calls to: ‘R_registerRoutines’, ‘R_useDynamicSymbols’
    
    Compiled code should not call non-API entry points in R.
    It is good practice to register native routines and to disable symbol
    search.
    
    See ‘Writing portable packages’ in the ‘Writing R Extensions’ manual.
Flavors: r-devel-linux-x86_64-fedora-clang, r-devel-linux-x86_64-fedora-gcc

Version: 0.2-5
Check: compiled code
Result: NOTE
    File 'iotools/libs/i386/iotools.dll':
     Found non-API calls to R: 'R_GetConnection', 'R_ReadConnection',
     'R_WriteConnection'
    File 'iotools/libs/x64/iotools.dll':
     Found non-API calls to R: 'R_GetConnection', 'R_ReadConnection',
     'R_WriteConnection'
    
    Compiled code should not call non-API entry points in R.
    
    See 'Writing portable packages' in the 'Writing R Extensions' manual.
Flavors: r-devel-windows-ix86+x86_64, r-release-windows-ix86+x86_64, r-oldrel-windows-ix86+x86_64

Version: 0.2-5
Check: running examples for arch ‘i386’
Result: ERROR
    Running examples in 'iotools-Ex.R' failed
    The error most likely occurred in:
    
    > ### Name: idstrsplit
    > ### Title: Create an iterator for splitting binary or character input into
    > ### a dataframe
    > ### Aliases: idstrsplit
    > ### Keywords: iterator
    >
    > ### ** Examples
    >
    > col_names <- names(iris)
    > write.csv(iris, file="iris.csv", row.names=FALSE)
    > it <- idstrsplit("iris.csv", col_types=c(rep("numeric", 4), "character"),
    + sep=",")
    > # Get the elements
    > iris_read <- it$nextElem()[-1,]
    > # or with the iterators package
    > # nextElem(it)
    > names(iris_read) <- col_names
    > print(head(iris_read))
     Sepal.Length Sepal.Width Petal.Length Petal.Width Species
    2 5.1 3.5 1.4 0.2 "setosa"
    3 4.9 3.0 1.4 0.2 "setosa"
    4 4.7 3.2 1.3 0.2 "setosa"
    5 4.6 3.1 1.5 0.2 "setosa"
    6 5.0 3.6 1.4 0.2 "setosa"
    7 5.4 3.9 1.7 0.4 "setosa"
    > unlink("iris.csv")
    >
    >
    >
    > cleanEx()
    Error: connections left open:
     iris.csv (file)
    Execution halted
Flavors: r-devel-windows-ix86+x86_64, r-release-windows-ix86+x86_64

Version: 0.2-5
Check: running examples for arch ‘x64’
Result: ERROR
    Running examples in 'iotools-Ex.R' failed
    The error most likely occurred in:
    
    > ### Name: idstrsplit
    > ### Title: Create an iterator for splitting binary or character input into
    > ### a dataframe
    > ### Aliases: idstrsplit
    > ### Keywords: iterator
    >
    > ### ** Examples
    >
    > col_names <- names(iris)
    > write.csv(iris, file="iris.csv", row.names=FALSE)
    > it <- idstrsplit("iris.csv", col_types=c(rep("numeric", 4), "character"),
    + sep=",")
    > # Get the elements
    > iris_read <- it$nextElem()[-1,]
    > # or with the iterators package
    > # nextElem(it)
    > names(iris_read) <- col_names
    > print(head(iris_read))
     Sepal.Length Sepal.Width Petal.Length Petal.Width Species
    2 5.1 3.5 1.4 0.2 "setosa"
    3 4.9 3.0 1.4 0.2 "setosa"
    4 4.7 3.2 1.3 0.2 "setosa"
    5 4.6 3.1 1.5 0.2 "setosa"
    6 5.0 3.6 1.4 0.2 "setosa"
    7 5.4 3.9 1.7 0.4 "setosa"
    > unlink("iris.csv")
    >
    >
    >
    > cleanEx()
    Error: connections left open:
     iris.csv (file)
    Execution halted
Flavors: r-devel-windows-ix86+x86_64, r-release-windows-ix86+x86_64