CRAN Package Check Results for Package intervals

Last updated on 2019-09-17 22:48:09 CEST.

Flavor Version Tinstall Tcheck Ttotal Status Flags
r-devel-linux-x86_64-debian-clang 0.15.1 9.21 40.60 49.81 OK
r-devel-linux-x86_64-debian-gcc 0.15.1 6.69 32.43 39.12 OK
r-devel-linux-x86_64-fedora-clang 0.15.1 66.12 NOTE
r-devel-linux-x86_64-fedora-gcc 0.15.1 61.58 NOTE
r-devel-windows-ix86+x86_64 0.15.1 25.00 107.00 132.00 OK
r-patched-linux-x86_64 0.15.1 8.38 40.06 48.44 OK
r-patched-solaris-x86 0.15.1 89.80 OK
r-release-linux-x86_64 0.15.1 8.25 40.16 48.41 OK
r-release-windows-ix86+x86_64 0.15.1 24.00 110.00 134.00 OK
r-release-osx-x86_64 0.15.1 OK
r-oldrel-windows-ix86+x86_64 0.15.1 21.00 77.00 98.00 OK
r-oldrel-osx-x86_64 0.15.1 OK

Check Details

Version: 0.15.1
Check: compiled code
Result: NOTE
    File ‘intervals/libs/intervals.so’:
     Found no calls to: ‘R_registerRoutines’, ‘R_useDynamicSymbols’
    
    It is good practice to register native routines and to disable symbol
    search.
    
    See ‘Writing portable packages’ in the ‘Writing R Extensions’ manual.
Flavors: r-devel-linux-x86_64-fedora-clang, r-devel-linux-x86_64-fedora-gcc