CRAN Package Check Results for Package intervals

Last updated on 2019-06-18 18:54:50 CEST.

Flavor Version Tinstall Tcheck Ttotal Status Flags
r-devel-linux-x86_64-debian-clang 0.15.1 9.14 41.11 50.25 OK
r-devel-linux-x86_64-debian-gcc 0.15.1 6.95 33.58 40.53 OK
r-devel-linux-x86_64-fedora-clang 0.15.1 64.85 NOTE
r-devel-linux-x86_64-fedora-gcc 0.15.1 59.03 NOTE
r-devel-windows-ix86+x86_64 0.15.1 23.00 83.00 106.00 OK
r-patched-linux-x86_64 0.15.1 8.64 41.52 50.16 OK
r-patched-solaris-x86 0.15.1 91.90 OK
r-release-linux-x86_64 0.15.1 8.65 41.64 50.29 OK
r-release-windows-ix86+x86_64 0.15.1 24.00 110.00 134.00 OK
r-release-osx-x86_64 0.15.1 OK
r-oldrel-windows-ix86+x86_64 0.15.1 21.00 77.00 98.00 OK
r-oldrel-osx-x86_64 0.15.1 OK

Check Details

Version: 0.15.1
Check: compiled code
Result: NOTE
    File ‘intervals/libs/intervals.so’:
     Found no calls to: ‘R_registerRoutines’, ‘R_useDynamicSymbols’
    
    It is good practice to register native routines and to disable symbol
    search.
    
    See ‘Writing portable packages’ in the ‘Writing R Extensions’ manual.
Flavors: r-devel-linux-x86_64-fedora-clang, r-devel-linux-x86_64-fedora-gcc