CRAN Package Check Results for Package inpdfr

Last updated on 2017-12-15 17:50:35 CET.

Flavor Version Tinstall Tcheck Ttotal Status Flags
r-devel-linux-x86_64-debian-clang 0.1.5 4.34 119.03 123.37 WARN
r-devel-linux-x86_64-debian-gcc 0.1.5 4.30 91.74 96.04 WARN
r-devel-linux-x86_64-fedora-clang 0.1.5 152.80 WARN
r-devel-linux-x86_64-fedora-gcc 0.1.5 149.50 WARN
r-devel-windows-ix86+x86_64 0.1.5 20.00 4.00 24.00 ERROR
r-patched-linux-x86_64 0.1.5 5.16 121.37 126.53 OK
r-patched-solaris-x86 0.1.5 224.60 OK
r-release-linux-x86_64 0.1.5 5.75 122.16 127.91 OK
r-release-windows-ix86+x86_64 0.1.5 29.00 4.00 33.00 ERROR
r-release-osx-x86_64 0.1.5 ERROR
r-oldrel-windows-ix86+x86_64 0.1.5 22.00 6.00 28.00 ERROR
r-oldrel-osx-x86_64 0.1.5 OK

Check Details

Version: 0.1.5
Check: examples
Result: WARN
    Found the following significant warnings:
     Warning: working directory was changed to ‘/home/hornik/tmp/R.check/r-devel-clang/Work/PKGS/inpdfr.Rcheck/RESULTS’, resetting
     Warning: working directory was changed to ‘/home/hornik/tmp/R.check/r-devel-clang/Work/PKGS/inpdfr.Rcheck/RESULTS’, resetting
     Warning: working directory was changed to ‘/home/hornik/tmp/R.check/r-devel-clang/Work/PKGS/inpdfr.Rcheck/RESULTS’, resetting
     Warning: working directory was changed to ‘/home/hornik/tmp/R.check/r-devel-clang/Work/PKGS/inpdfr.Rcheck/RESULTS’, resetting
     Warning: working directory was changed to ‘/home/hornik/tmp/R.check/r-devel-clang/Work/PKGS/inpdfr.Rcheck/RESULTS’, resetting
     Warning: working directory was changed to ‘/home/hornik/tmp/R.check/r-devel-clang/Work/PKGS/inpdfr.Rcheck/RESULTS’, resetting
     Warning: working directory was changed to ‘/home/hornik/tmp/R.check/r-devel-clang/Work/PKGS/inpdfr.Rcheck/RESULTS’, resetting
     Warning: working directory was changed to ‘/home/hornik/tmp/R.check/r-devel-clang/Work/PKGS/inpdfr.Rcheck/RESULTS’, resetting
     Warning: working directory was changed to ‘/home/hornik/tmp/R.check/r-devel-clang/Work/PKGS/inpdfr.Rcheck/RESULTS’, resetting
     Warning: working directory was changed to ‘/home/hornik/tmp/R.check/r-devel-clang/Work/PKGS/inpdfr.Rcheck/RESULTS’, resetting
     Warning: working directory was changed to ‘/home/hornik/tmp/R.check/r-devel-clang/Work/PKGS/inpdfr.Rcheck/RESULTS’, resetting
     Warning: working directory was changed to ‘/home/hornik/tmp/R.check/r-devel-clang/Work/PKGS/inpdfr.Rcheck/RESULTS’, resetting
Flavor: r-devel-linux-x86_64-debian-clang

Version: 0.1.5
Check: examples
Result: WARN
    Found the following significant warnings:
     Warning: working directory was changed to ‘/home/hornik/tmp/R.check/r-devel-gcc/Work/PKGS/inpdfr.Rcheck/RESULTS’, resetting
     Warning: working directory was changed to ‘/home/hornik/tmp/R.check/r-devel-gcc/Work/PKGS/inpdfr.Rcheck/RESULTS’, resetting
     Warning: working directory was changed to ‘/home/hornik/tmp/R.check/r-devel-gcc/Work/PKGS/inpdfr.Rcheck/RESULTS’, resetting
     Warning: working directory was changed to ‘/home/hornik/tmp/R.check/r-devel-gcc/Work/PKGS/inpdfr.Rcheck/RESULTS’, resetting
     Warning: working directory was changed to ‘/home/hornik/tmp/R.check/r-devel-gcc/Work/PKGS/inpdfr.Rcheck/RESULTS’, resetting
     Warning: working directory was changed to ‘/home/hornik/tmp/R.check/r-devel-gcc/Work/PKGS/inpdfr.Rcheck/RESULTS’, resetting
     Warning: working directory was changed to ‘/home/hornik/tmp/R.check/r-devel-gcc/Work/PKGS/inpdfr.Rcheck/RESULTS’, resetting
     Warning: working directory was changed to ‘/home/hornik/tmp/R.check/r-devel-gcc/Work/PKGS/inpdfr.Rcheck/RESULTS’, resetting
     Warning: working directory was changed to ‘/home/hornik/tmp/R.check/r-devel-gcc/Work/PKGS/inpdfr.Rcheck/RESULTS’, resetting
     Warning: working directory was changed to ‘/home/hornik/tmp/R.check/r-devel-gcc/Work/PKGS/inpdfr.Rcheck/RESULTS’, resetting
     Warning: working directory was changed to ‘/home/hornik/tmp/R.check/r-devel-gcc/Work/PKGS/inpdfr.Rcheck/RESULTS’, resetting
     Warning: working directory was changed to ‘/home/hornik/tmp/R.check/r-devel-gcc/Work/PKGS/inpdfr.Rcheck/RESULTS’, resetting
Flavor: r-devel-linux-x86_64-debian-gcc

Version: 0.1.5
Check: examples
Result: WARN
    Found the following significant warnings:
     Warning: working directory was changed to ‘/data/gannet/ripley/R/packages/tests-clang/inpdfr.Rcheck/RESULTS’, resetting
     Warning: working directory was changed to ‘/data/gannet/ripley/R/packages/tests-clang/inpdfr.Rcheck/RESULTS’, resetting
     Warning: working directory was changed to ‘/data/gannet/ripley/R/packages/tests-clang/inpdfr.Rcheck/RESULTS’, resetting
     Warning: working directory was changed to ‘/data/gannet/ripley/R/packages/tests-clang/inpdfr.Rcheck/RESULTS’, resetting
     Warning: working directory was changed to ‘/data/gannet/ripley/R/packages/tests-clang/inpdfr.Rcheck/RESULTS’, resetting
     Warning: working directory was changed to ‘/data/gannet/ripley/R/packages/tests-clang/inpdfr.Rcheck/RESULTS’, resetting
     Warning: working directory was changed to ‘/data/gannet/ripley/R/packages/tests-clang/inpdfr.Rcheck/RESULTS’, resetting
     Warning: working directory was changed to ‘/data/gannet/ripley/R/packages/tests-clang/inpdfr.Rcheck/RESULTS’, resetting
     Warning: working directory was changed to ‘/data/gannet/ripley/R/packages/tests-clang/inpdfr.Rcheck/RESULTS’, resetting
     Warning: working directory was changed to ‘/data/gannet/ripley/R/packages/tests-clang/inpdfr.Rcheck/RESULTS’, resetting
     Warning: working directory was changed to ‘/data/gannet/ripley/R/packages/tests-clang/inpdfr.Rcheck/RESULTS’, resetting
     Warning: working directory was changed to ‘/data/gannet/ripley/R/packages/tests-clang/inpdfr.Rcheck/RESULTS’, resetting
Flavor: r-devel-linux-x86_64-fedora-clang

Version: 0.1.5
Check: examples
Result: WARN
    Found the following significant warnings:
     Warning: working directory was changed to ‘/data/gannet/ripley/R/packages/tests-devel/inpdfr.Rcheck/RESULTS’, resetting
     Warning: working directory was changed to ‘/data/gannet/ripley/R/packages/tests-devel/inpdfr.Rcheck/RESULTS’, resetting
     Warning: working directory was changed to ‘/data/gannet/ripley/R/packages/tests-devel/inpdfr.Rcheck/RESULTS’, resetting
     Warning: working directory was changed to ‘/data/gannet/ripley/R/packages/tests-devel/inpdfr.Rcheck/RESULTS’, resetting
     Warning: working directory was changed to ‘/data/gannet/ripley/R/packages/tests-devel/inpdfr.Rcheck/RESULTS’, resetting
     Warning: working directory was changed to ‘/data/gannet/ripley/R/packages/tests-devel/inpdfr.Rcheck/RESULTS’, resetting
     Warning: working directory was changed to ‘/data/gannet/ripley/R/packages/tests-devel/inpdfr.Rcheck/RESULTS’, resetting
     Warning: working directory was changed to ‘/data/gannet/ripley/R/packages/tests-devel/inpdfr.Rcheck/RESULTS’, resetting
     Warning: working directory was changed to ‘/data/gannet/ripley/R/packages/tests-devel/inpdfr.Rcheck/RESULTS’, resetting
     Warning: working directory was changed to ‘/data/gannet/ripley/R/packages/tests-devel/inpdfr.Rcheck/RESULTS’, resetting
     Warning: working directory was changed to ‘/data/gannet/ripley/R/packages/tests-devel/inpdfr.Rcheck/RESULTS’, resetting
     Warning: working directory was changed to ‘/data/gannet/ripley/R/packages/tests-devel/inpdfr.Rcheck/RESULTS’, resetting
Flavor: r-devel-linux-x86_64-fedora-gcc

Version: 0.1.5
Check: whether package can be installed
Result: ERROR
    Installation failed.
Flavors: r-devel-windows-ix86+x86_64, r-release-windows-ix86+x86_64, r-oldrel-windows-ix86+x86_64

Version: 0.1.5
Check: package dependencies
Result: ERROR
    Package required but not available: ‘RGtk2’
    
    See section ‘The DESCRIPTION file’ in the ‘Writing R Extensions’
    manual.
Flavor: r-release-osx-x86_64