CRAN Package Check Results for Package imagerExtra

Last updated on 2019-04-19 03:47:31 CEST.

Flavor Version Tinstall Tcheck Ttotal Status Flags
r-devel-linux-x86_64-debian-clang 1.3.2 72.40 64.90 137.30 OK
r-devel-linux-x86_64-debian-gcc 1.3.2 55.78 52.62 108.40 OK
r-devel-linux-x86_64-fedora-clang 1.3.2 208.69 OK
r-devel-linux-x86_64-fedora-gcc 1.3.2 186.84 OK
r-devel-windows-ix86+x86_64 1.3.2 194.00 182.00 376.00 OK
r-patched-linux-x86_64 1.3.2 69.70 65.66 135.36 OK
r-patched-solaris-x86 1.3.2 224.10 NOTE
r-release-linux-x86_64 1.3.2 69.97 62.04 132.01 OK
r-release-windows-ix86+x86_64 1.3.2 143.00 162.00 305.00 OK
r-release-osx-x86_64 1.3.2 OK
r-oldrel-windows-ix86+x86_64 1.3.2 138.00 190.00 328.00 OK
r-oldrel-osx-x86_64 1.3.2 OK

Check Details

Version: 1.3.2
Check: package dependencies
Result: NOTE
    Package suggested but not available for checking: ‘tesseract’
Flavor: r-patched-solaris-x86