CRAN Package Check Results for Package imager

Last updated on 2019-04-21 07:47:05 CEST.

Flavor Version Tinstall Tcheck Ttotal Status Flags
r-devel-linux-x86_64-debian-clang 0.41.2 506.63 152.11 658.74 OK
r-devel-linux-x86_64-debian-gcc 0.41.2 479.73 122.30 602.03 WARN
r-devel-linux-x86_64-fedora-clang 0.41.2 1004.49 NOTE
r-devel-linux-x86_64-fedora-gcc 0.41.2 990.82 WARN
r-devel-windows-ix86+x86_64 0.41.2 1212.00 403.00 1615.00 NOTE
r-patched-linux-x86_64 0.41.2 512.60 148.73 661.33 WARN
r-patched-solaris-x86 0.41.2 921.20 NOTE
r-release-linux-x86_64 0.41.2 506.23 142.97 649.20 WARN
r-release-windows-ix86+x86_64 0.41.2 944.00 369.00 1313.00 NOTE
r-release-osx-x86_64 0.41.2 NOTE
r-oldrel-windows-ix86+x86_64 0.41.2 870.00 412.00 1282.00 NOTE
r-oldrel-osx-x86_64 0.41.2 NOTE

Check Details

Version: 0.41.2
Check: whether package can be installed
Result: WARN
    Found the following significant warnings:
     ../inst/include/CImg.h:55774:32: warning: ‘void* memcpy(void*, const void*, size_t)’ writing to an object of type ‘struct cimg_library::CImg<char>’ with no trivial copy-assignment; use copy-assignment or copy-initialization instead [-Wclass-memaccess]
     ../inst/include/CImg.h:55775:44: warning: ‘void* memcpy(void*, const void*, size_t)’ writing to an object of type ‘struct cimg_library::CImg<char>’ with no trivial copy-assignment; use copy-assignment or copy-initialization instead [-Wclass-memaccess]
     ../inst/include/CImg.h:55788:22: warning: ‘void* memset(void*, int, size_t)’ clearing an object of type ‘struct cimg_library::CImg<char>’ with no trivial copy-assignment; use assignment or value-initialization instead [-Wclass-memaccess]
     ../inst/include/CImg.h:55792:45: warning: ‘void* memmove(void*, const void*, size_t)’ writing to an object of type ‘struct cimg_library::CImg<char>’ with no trivial copy-assignment; use copy-assignment or copy-initialization instead [-Wclass-memaccess]
     ../inst/include/CImg.h:58819:20: warning: ‘void* memset(void*, int, size_t)’ clearing an object of type ‘struct cimg_library::CImgList<unsigned char>’ with no trivial copy-assignment; use assignment or value-initialization instead [-Wclass-memaccess]
     ../inst/include/CImg.h:55774:32: warning: ‘void* memcpy(void*, const void*, size_t)’ writing to an object of type ‘struct cimg_library::CImg<unsigned char>’ with no trivial copy-assignment; use copy-assignment or copy-initialization instead [-Wclass-memaccess]
     ../inst/include/CImg.h:55775:44: warning: ‘void* memcpy(void*, const void*, size_t)’ writing to an object of type ‘struct cimg_library::CImg<unsigned char>’ with no trivial copy-assignment; use copy-assignment or copy-initialization instead [-Wclass-memaccess]
     ../inst/include/CImg.h:55788:22: warning: ‘void* memset(void*, int, size_t)’ clearing an object of type ‘struct cimg_library::CImg<unsigned char>’ with no trivial copy-assignment; use assignment or value-initialization instead [-Wclass-memaccess]
     ../inst/include/CImg.h:55792:45: warning: ‘void* memmove(void*, const void*, size_t)’ writing to an object of type ‘struct cimg_library::CImg<unsigned char>’ with no trivial copy-assignment; use copy-assignment or copy-initialization instead [-Wclass-memaccess]
     ../inst/include/CImg.h:55774:32: warning: ‘void* memcpy(void*, const void*, size_t)’ writing to an object of type ‘struct cimg_library::CImg<long unsigned int>’ with no trivial copy-assignment; use copy-assignment or copy-initialization instead [-Wclass-memaccess]
     ../inst/include/CImg.h:55775:44: warning: ‘void* memcpy(void*, const void*, size_t)’ writing to an object of type ‘struct cimg_library::CImg<long unsigned int>’ with no trivial copy-assignment; use copy-assignment or copy-initialization instead [-Wclass-memaccess]
     ../inst/include/CImg.h:55788:22: warning: ‘void* memset(void*, int, size_t)’ clearing an object of type ‘struct cimg_library::CImg<long unsigned int>’ with no trivial copy-assignment; use assignment or value-initialization instead [-Wclass-memaccess]
     ../inst/include/CImg.h:55792:45: warning: ‘void* memmove(void*, const void*, size_t)’ writing to an object of type ‘struct cimg_library::CImg<long unsigned int>’ with no trivial copy-assignment; use copy-assignment or copy-initialization instead [-Wclass-memaccess]
     ../inst/include/CImg.h:55927:42: warning: ‘void* memmove(void*, const void*, size_t)’ writing to an object of type ‘struct cimg_library::CImg<char>’ with no trivial copy-assignment; use copy-assignment or copy-initialization instead [-Wclass-memaccess]
     ../inst/include/CImg.h:55928:22: warning: ‘void* memset(void*, int, size_t)’ clearing an object of type ‘struct cimg_library::CImg<char>’ with no trivial copy-assignment; use assignment or value-initialization instead [-Wclass-memaccess]
     ../inst/include/CImg.h:55933:33: warning: ‘void* memcpy(void*, const void*, size_t)’ writing to an object of type ‘struct cimg_library::CImg<char>’ with no trivial copy-assignment; use copy-assignment or copy-initialization instead [-Wclass-memaccess]
     ../inst/include/CImg.h:55934:41: warning: ‘void* memcpy(void*, const void*, size_t)’ writing to an object of type ‘struct cimg_library::CImg<char>’ with no trivial copy-assignment; use copy-assignment or copy-initialization instead [-Wclass-memaccess]
     ../inst/include/CImg.h:55935:52: warning: ‘void* memset(void*, int, size_t)’ clearing an object of type ‘struct cimg_library::CImg<char>’ with no trivial copy-assignment; use assignment or value-initialization instead [-Wclass-memaccess]
     ../inst/include/CImg.h:55936:22: warning: ‘void* memset(void*, int, size_t)’ clearing an object of type ‘struct cimg_library::CImg<char>’ with no trivial copy-assignment; use assignment or value-initialization instead [-Wclass-memaccess]
     ../inst/include/CImg.h:55774:32: warning: ‘void* memcpy(void*, const void*, size_t)’ writing to an object of type ‘struct cimg_library::CImg<bool>’ with no trivial copy-assignment; use copy-assignment or copy-initialization instead [-Wclass-memaccess]
     ../inst/include/CImg.h:55775:44: warning: ‘void* memcpy(void*, const void*, size_t)’ writing to an object of type ‘struct cimg_library::CImg<bool>’ with no trivial copy-assignment; use copy-assignment or copy-initialization instead [-Wclass-memaccess]
     ../inst/include/CImg.h:55788:22: warning: ‘void* memset(void*, int, size_t)’ clearing an object of type ‘struct cimg_library::CImg<bool>’ with no trivial copy-assignment; use assignment or value-initialization instead [-Wclass-memaccess]
     ../inst/include/CImg.h:55792:45: warning: ‘void* memmove(void*, const void*, size_t)’ writing to an object of type ‘struct cimg_library::CImg<bool>’ with no trivial copy-assignment; use copy-assignment or copy-initialization instead [-Wclass-memaccess]
     ../inst/include/CImg.h:55927:42: warning: ‘void* memmove(void*, const void*, size_t)’ writing to an object of type ‘struct cimg_library::CImg<long unsigned int>’ with no trivial copy-assignment; use copy-assignment or copy-initialization instead [-Wclass-memaccess]
     ../inst/include/CImg.h:55928:22: warning: ‘void* memset(void*, int, size_t)’ clearing an object of type ‘struct cimg_library::CImg<long unsigned int>’ with no trivial copy-assignment; use assignment or value-initialization instead [-Wclass-memaccess]
     ../inst/include/CImg.h:55933:33: warning: ‘void* memcpy(void*, const void*, size_t)’ writing to an object of type ‘struct cimg_library::CImg<long unsigned int>’ with no trivial copy-assignment; use copy-assignment or copy-initialization instead [-Wclass-memaccess]
     ../inst/include/CImg.h:55934:41: warning: ‘void* memcpy(void*, const void*, size_t)’ writing to an object of type ‘struct cimg_library::CImg<long unsigned int>’ with no trivial copy-assignment; use copy-assignment or copy-initialization instead [-Wclass-memaccess]
     ../inst/include/CImg.h:55935:52: warning: ‘void* memset(void*, int, size_t)’ clearing an object of type ‘struct cimg_library::CImg<long unsigned int>’ with no trivial copy-assignment; use assignment or value-initialization instead [-Wclass-memaccess]
     ../inst/include/CImg.h:55936:22: warning: ‘void* memset(void*, int, size_t)’ clearing an object of type ‘struct cimg_library::CImg<long unsigned int>’ with no trivial copy-assignment; use assignment or value-initialization instead [-Wclass-memaccess]
     ../inst/include/CImg.h:55774:32: warning: ‘void* memcpy(void*, const void*, size_t)’ writing to an object of type ‘struct cimg_library::CImg<unsigned int>’ with no trivial copy-assignment; use copy-assignment or copy-initialization instead [-Wclass-memaccess]
     ../inst/include/CImg.h:55775:44: warning: ‘void* memcpy(void*, const void*, size_t)’ writing to an object of type ‘struct cimg_library::CImg<unsigned int>’ with no trivial copy-assignment; use copy-assignment or copy-initialization instead [-Wclass-memaccess]
     ../inst/include/CImg.h:55788:22: warning: ‘void* memset(void*, int, size_t)’ clearing an object of type ‘struct cimg_library::CImg<unsigned int>’ with no trivial copy-assignment; use assignment or value-initialization instead [-Wclass-memaccess]
     ../inst/include/CImg.h:55792:45: warning: ‘void* memmove(void*, const void*, size_t)’ writing to an object of type ‘struct cimg_library::CImg<unsigned int>’ with no trivial copy-assignment; use copy-assignment or copy-initialization instead [-Wclass-memaccess]
     ../inst/include/CImg.h:55774:32: warning: ‘void* memcpy(void*, const void*, size_t)’ writing to an object of type ‘struct cimg_library::CImg<double>’ with no trivial copy-assignment; use copy-assignment or copy-initialization instead [-Wclass-memaccess]
     ../inst/include/CImg.h:55775:44: warning: ‘void* memcpy(void*, const void*, size_t)’ writing to an object of type ‘struct cimg_library::CImg<double>’ with no trivial copy-assignment; use copy-assignment or copy-initialization instead [-Wclass-memaccess]
     ../inst/include/CImg.h:55788:22: warning: ‘void* memset(void*, int, size_t)’ clearing an object of type ‘struct cimg_library::CImg<double>’ with no trivial copy-assignment; use assignment or value-initialization instead [-Wclass-memaccess]
     ../inst/include/CImg.h:55792:45: warning: ‘void* memmove(void*, const void*, size_t)’ writing to an object of type ‘struct cimg_library::CImg<double>’ with no trivial copy-assignment; use copy-assignment or copy-initialization instead [-Wclass-memaccess]
     ../inst/include/CImg.h:4854:21: warning: ‘char* strncpy(char*, const char*, size_t)’ output truncated before terminating nul copying as many bytes from a string as its length [-Wstringop-truncation]
     ../inst/include/CImg.h:55774:32: warning: ‘void* memcpy(void*, const void*, size_t)’ writing to an object of type ‘struct cimg_library::CImg<float>’ with no trivial copy-assignment; use copy-assignment or copy-initialization instead [-Wclass-memaccess]
     ../inst/include/CImg.h:55775:44: warning: ‘void* memcpy(void*, const void*, size_t)’ writing to an object of type ‘struct cimg_library::CImg<float>’ with no trivial copy-assignment; use copy-assignment or copy-initialization instead [-Wclass-memaccess]
     ../inst/include/CImg.h:55788:22: warning: ‘void* memset(void*, int, size_t)’ clearing an object of type ‘struct cimg_library::CImg<float>’ with no trivial copy-assignment; use assignment or value-initialization instead [-Wclass-memaccess]
     ../inst/include/CImg.h:55792:45: warning: ‘void* memmove(void*, const void*, size_t)’ writing to an object of type ‘struct cimg_library::CImg<float>’ with no trivial copy-assignment; use copy-assignment or copy-initialization instead [-Wclass-memaccess]
     ../inst/include/CImg.h:55774:32: warning: ‘void* memcpy(void*, const void*, size_t)’ writing to an object of type ‘struct cimg_library::CImg<int>’ with no trivial copy-assignment; use copy-assignment or copy-initialization instead [-Wclass-memaccess]
     ../inst/include/CImg.h:55775:44: warning: ‘void* memcpy(void*, const void*, size_t)’ writing to an object of type ‘struct cimg_library::CImg<int>’ with no trivial copy-assignment; use copy-assignment or copy-initialization instead [-Wclass-memaccess]
     ../inst/include/CImg.h:55788:22: warning: ‘void* memset(void*, int, size_t)’ clearing an object of type ‘struct cimg_library::CImg<int>’ with no trivial copy-assignment; use assignment or value-initialization instead [-Wclass-memaccess]
     ../inst/include/CImg.h:55792:45: warning: ‘void* memmove(void*, const void*, size_t)’ writing to an object of type ‘struct cimg_library::CImg<int>’ with no trivial copy-assignment; use copy-assignment or copy-initialization instead [-Wclass-memaccess]
Flavors: r-devel-linux-x86_64-debian-gcc, r-patched-linux-x86_64, r-release-linux-x86_64

Version: 0.41.2
Check: installed package size
Result: NOTE
     installed size is 43.1Mb
     sub-directories of 1Mb or more:
     data 1.4Mb
     doc 5.3Mb
     extdata 1.0Mb
     include 2.8Mb
     libs 31.8Mb
Flavors: r-devel-linux-x86_64-fedora-clang, r-devel-windows-ix86+x86_64, r-patched-solaris-x86, r-release-windows-ix86+x86_64, r-release-osx-x86_64, r-oldrel-windows-ix86+x86_64, r-oldrel-osx-x86_64

Version: 0.41.2
Check: whether package can be installed
Result: WARN
    Found the following significant warnings:
     ../inst/include/CImg.h:55774:32: warning: ‘void* memcpy(void*, const void*, size_t)’ writing to an object of type ‘struct cimg_library::CImg<char>’ with no trivial copy-assignment; use copy-assignment or copy-initialization instead [-Wclass-memaccess]
     ../inst/include/CImg.h:55775:44: warning: ‘void* memcpy(void*, const void*, size_t)’ writing to an object of type ‘struct cimg_library::CImg<char>’ with no trivial copy-assignment; use copy-assignment or copy-initialization instead [-Wclass-memaccess]
     ../inst/include/CImg.h:55788:22: warning: ‘void* memset(void*, int, size_t)’ clearing an object of type ‘struct cimg_library::CImg<char>’ with no trivial copy-assignment; use assignment or value-initialization instead [-Wclass-memaccess]
     ../inst/include/CImg.h:55792:45: warning: ‘void* memmove(void*, const void*, size_t)’ writing to an object of type ‘struct cimg_library::CImg<char>’ with no trivial copy-assignment; use copy-assignment or copy-initialization instead [-Wclass-memaccess]
     ../inst/include/CImg.h:58819:20: warning: ‘void* memset(void*, int, size_t)’ clearing an object of type ‘struct cimg_library::CImgList<unsigned char>’ with no trivial copy-assignment; use assignment or value-initialization instead [-Wclass-memaccess]
     ../inst/include/CImg.h:55774:32: warning: ‘void* memcpy(void*, const void*, size_t)’ writing to an object of type ‘struct cimg_library::CImg<unsigned char>’ with no trivial copy-assignment; use copy-assignment or copy-initialization instead [-Wclass-memaccess]
     ../inst/include/CImg.h:55775:44: warning: ‘void* memcpy(void*, const void*, size_t)’ writing to an object of type ‘struct cimg_library::CImg<unsigned char>’ with no trivial copy-assignment; use copy-assignment or copy-initialization instead [-Wclass-memaccess]
     ../inst/include/CImg.h:55788:22: warning: ‘void* memset(void*, int, size_t)’ clearing an object of type ‘struct cimg_library::CImg<unsigned char>’ with no trivial copy-assignment; use assignment or value-initialization instead [-Wclass-memaccess]
     ../inst/include/CImg.h:55792:45: warning: ‘void* memmove(void*, const void*, size_t)’ writing to an object of type ‘struct cimg_library::CImg<unsigned char>’ with no trivial copy-assignment; use copy-assignment or copy-initialization instead [-Wclass-memaccess]
     ../inst/include/CImg.h:55774:32: warning: ‘void* memcpy(void*, const void*, size_t)’ writing to an object of type ‘struct cimg_library::CImg<long unsigned int>’ with no trivial copy-assignment; use copy-assignment or copy-initialization instead [-Wclass-memaccess]
     ../inst/include/CImg.h:55775:44: warning: ‘void* memcpy(void*, const void*, size_t)’ writing to an object of type ‘struct cimg_library::CImg<long unsigned int>’ with no trivial copy-assignment; use copy-assignment or copy-initialization instead [-Wclass-memaccess]
     ../inst/include/CImg.h:55788:22: warning: ‘void* memset(void*, int, size_t)’ clearing an object of type ‘struct cimg_library::CImg<long unsigned int>’ with no trivial copy-assignment; use assignment or value-initialization instead [-Wclass-memaccess]
     ../inst/include/CImg.h:55792:45: warning: ‘void* memmove(void*, const void*, size_t)’ writing to an object of type ‘struct cimg_library::CImg<long unsigned int>’ with no trivial copy-assignment; use copy-assignment or copy-initialization instead [-Wclass-memaccess]
     ../inst/include/CImg.h:55927:42: warning: ‘void* memmove(void*, const void*, size_t)’ writing to an object of type ‘struct cimg_library::CImg<char>’ with no trivial copy-assignment; use copy-assignment or copy-initialization instead [-Wclass-memaccess]
     ../inst/include/CImg.h:55928:22: warning: ‘void* memset(void*, int, size_t)’ clearing an object of type ‘struct cimg_library::CImg<char>’ with no trivial copy-assignment; use assignment or value-initialization instead [-Wclass-memaccess]
     ../inst/include/CImg.h:55933:33: warning: ‘void* memcpy(void*, const void*, size_t)’ writing to an object of type ‘struct cimg_library::CImg<char>’ with no trivial copy-assignment; use copy-assignment or copy-initialization instead [-Wclass-memaccess]
     ../inst/include/CImg.h:55934:41: warning: ‘void* memcpy(void*, const void*, size_t)’ writing to an object of type ‘struct cimg_library::CImg<char>’ with no trivial copy-assignment; use copy-assignment or copy-initialization instead [-Wclass-memaccess]
     ../inst/include/CImg.h:55935:52: warning: ‘void* memset(void*, int, size_t)’ clearing an object of type ‘struct cimg_library::CImg<char>’ with no trivial copy-assignment; use assignment or value-initialization instead [-Wclass-memaccess]
     ../inst/include/CImg.h:55936:22: warning: ‘void* memset(void*, int, size_t)’ clearing an object of type ‘struct cimg_library::CImg<char>’ with no trivial copy-assignment; use assignment or value-initialization instead [-Wclass-memaccess]
     ../inst/include/CImg.h:55774:32: warning: ‘void* memcpy(void*, const void*, size_t)’ writing to an object of type ‘struct cimg_library::CImg<bool>’ with no trivial copy-assignment; use copy-assignment or copy-initialization instead [-Wclass-memaccess]
     ../inst/include/CImg.h:55775:44: warning: ‘void* memcpy(void*, const void*, size_t)’ writing to an object of type ‘struct cimg_library::CImg<bool>’ with no trivial copy-assignment; use copy-assignment or copy-initialization instead [-Wclass-memaccess]
     ../inst/include/CImg.h:55788:22: warning: ‘void* memset(void*, int, size_t)’ clearing an object of type ‘struct cimg_library::CImg<bool>’ with no trivial copy-assignment; use assignment or value-initialization instead [-Wclass-memaccess]
     ../inst/include/CImg.h:55792:45: warning: ‘void* memmove(void*, const void*, size_t)’ writing to an object of type ‘struct cimg_library::CImg<bool>’ with no trivial copy-assignment; use copy-assignment or copy-initialization instead [-Wclass-memaccess]
     ../inst/include/CImg.h:55927:42: warning: ‘void* memmove(void*, const void*, size_t)’ writing to an object of type ‘struct cimg_library::CImg<long unsigned int>’ with no trivial copy-assignment; use copy-assignment or copy-initialization instead [-Wclass-memaccess]
     ../inst/include/CImg.h:55928:22: warning: ‘void* memset(void*, int, size_t)’ clearing an object of type ‘struct cimg_library::CImg<long unsigned int>’ with no trivial copy-assignment; use assignment or value-initialization instead [-Wclass-memaccess]
     ../inst/include/CImg.h:55933:33: warning: ‘void* memcpy(void*, const void*, size_t)’ writing to an object of type ‘struct cimg_library::CImg<long unsigned int>’ with no trivial copy-assignment; use copy-assignment or copy-initialization instead [-Wclass-memaccess]
     ../inst/include/CImg.h:55934:41: warning: ‘void* memcpy(void*, const void*, size_t)’ writing to an object of type ‘struct cimg_library::CImg<long unsigned int>’ with no trivial copy-assignment; use copy-assignment or copy-initialization instead [-Wclass-memaccess]
     ../inst/include/CImg.h:55935:52: warning: ‘void* memset(void*, int, size_t)’ clearing an object of type ‘struct cimg_library::CImg<long unsigned int>’ with no trivial copy-assignment; use assignment or value-initialization instead [-Wclass-memaccess]
     ../inst/include/CImg.h:55936:22: warning: ‘void* memset(void*, int, size_t)’ clearing an object of type ‘struct cimg_library::CImg<long unsigned int>’ with no trivial copy-assignment; use assignment or value-initialization instead [-Wclass-memaccess]
     ../inst/include/CImg.h:55774:32: warning: ‘void* memcpy(void*, const void*, size_t)’ writing to an object of type ‘struct cimg_library::CImg<unsigned int>’ with no trivial copy-assignment; use copy-assignment or copy-initialization instead [-Wclass-memaccess]
     ../inst/include/CImg.h:55775:44: warning: ‘void* memcpy(void*, const void*, size_t)’ writing to an object of type ‘struct cimg_library::CImg<unsigned int>’ with no trivial copy-assignment; use copy-assignment or copy-initialization instead [-Wclass-memaccess]
     ../inst/include/CImg.h:55788:22: warning: ‘void* memset(void*, int, size_t)’ clearing an object of type ‘struct cimg_library::CImg<unsigned int>’ with no trivial copy-assignment; use assignment or value-initialization instead [-Wclass-memaccess]
     ../inst/include/CImg.h:55792:45: warning: ‘void* memmove(void*, const void*, size_t)’ writing to an object of type ‘struct cimg_library::CImg<unsigned int>’ with no trivial copy-assignment; use copy-assignment or copy-initialization instead [-Wclass-memaccess]
     ../inst/include/CImg.h:55774:32: warning: ‘void* memcpy(void*, const void*, size_t)’ writing to an object of type ‘struct cimg_library::CImg<double>’ with no trivial copy-assignment; use copy-assignment or copy-initialization instead [-Wclass-memaccess]
     ../inst/include/CImg.h:55775:44: warning: ‘void* memcpy(void*, const void*, size_t)’ writing to an object of type ‘struct cimg_library::CImg<double>’ with no trivial copy-assignment; use copy-assignment or copy-initialization instead [-Wclass-memaccess]
     ../inst/include/CImg.h:55788:22: warning: ‘void* memset(void*, int, size_t)’ clearing an object of type ‘struct cimg_library::CImg<double>’ with no trivial copy-assignment; use assignment or value-initialization instead [-Wclass-memaccess]
     ../inst/include/CImg.h:55792:45: warning: ‘void* memmove(void*, const void*, size_t)’ writing to an object of type ‘struct cimg_library::CImg<double>’ with no trivial copy-assignment; use copy-assignment or copy-initialization instead [-Wclass-memaccess]
     ../inst/include/CImg.h:4854:21: warning: ‘char* strncpy(char*, const char*, size_t)’ output truncated before terminating nul copying as many bytes from a string as its length [-Wstringop-truncation]
     ../inst/include/CImg.h:55774:32: warning: ‘void* memcpy(void*, const void*, size_t)’ writing to an object of type ‘struct cimg_library::CImg<int>’ with no trivial copy-assignment; use copy-assignment or copy-initialization instead [-Wclass-memaccess]
     ../inst/include/CImg.h:55775:44: warning: ‘void* memcpy(void*, const void*, size_t)’ writing to an object of type ‘struct cimg_library::CImg<int>’ with no trivial copy-assignment; use copy-assignment or copy-initialization instead [-Wclass-memaccess]
     ../inst/include/CImg.h:55788:22: warning: ‘void* memset(void*, int, size_t)’ clearing an object of type ‘struct cimg_library::CImg<int>’ with no trivial copy-assignment; use assignment or value-initialization instead [-Wclass-memaccess]
     ../inst/include/CImg.h:55792:45: warning: ‘void* memmove(void*, const void*, size_t)’ writing to an object of type ‘struct cimg_library::CImg<int>’ with no trivial copy-assignment; use copy-assignment or copy-initialization instead [-Wclass-memaccess]
     ../inst/include/CImg.h:55774:32: warning: ‘void* memcpy(void*, const void*, size_t)’ writing to an object of type ‘struct cimg_library::CImg<float>’ with no trivial copy-assignment; use copy-assignment or copy-initialization instead [-Wclass-memaccess]
     ../inst/include/CImg.h:55775:44: warning: ‘void* memcpy(void*, const void*, size_t)’ writing to an object of type ‘struct cimg_library::CImg<float>’ with no trivial copy-assignment; use copy-assignment or copy-initialization instead [-Wclass-memaccess]
     ../inst/include/CImg.h:55788:22: warning: ‘void* memset(void*, int, size_t)’ clearing an object of type ‘struct cimg_library::CImg<float>’ with no trivial copy-assignment; use assignment or value-initialization instead [-Wclass-memaccess]
     ../inst/include/CImg.h:55792:45: warning: ‘void* memmove(void*, const void*, size_t)’ writing to an object of type ‘struct cimg_library::CImg<float>’ with no trivial copy-assignment; use copy-assignment or copy-initialization instead [-Wclass-memaccess]
Flavor: r-devel-linux-x86_64-fedora-gcc