CRAN Package Check Results for Package igraph

Last updated on 2019-08-20 09:47:57 CEST.

Flavor Version Tinstall Tcheck Ttotal Status Flags
r-devel-linux-x86_64-debian-clang 1.2.4.1 227.28 245.36 472.64 OK
r-devel-linux-x86_64-debian-gcc 1.2.4.1 162.37 191.85 354.22 OK
r-devel-linux-x86_64-fedora-clang 1.2.4.1 647.88 NOTE
r-devel-linux-x86_64-fedora-gcc 1.2.4.1 574.99 OK
r-devel-windows-ix86+x86_64 1.2.4.1 866.00 827.00 1693.00 NOTE
r-patched-linux-x86_64 1.2.4.1 182.59 247.28 429.87 OK
r-patched-solaris-x86 1.2.4.1 960.30 NOTE
r-release-linux-x86_64 1.2.4.1 176.12 247.17 423.29 OK
r-release-windows-ix86+x86_64 1.2.4.1 585.00 680.00 1265.00 NOTE
r-release-osx-x86_64 1.2.4.1 NOTE
r-oldrel-windows-ix86+x86_64 1.2.4.1 777.00 674.00 1451.00 NOTE
r-oldrel-osx-x86_64 1.2.4.1 NOTE

Additional issues

LTO

Check Details

Version: 1.2.4.1
Check: installed package size
Result: NOTE
     installed size is 16.5Mb
     sub-directories of 1Mb or more:
     R 1.4Mb
     help 1.1Mb
     libs 13.5Mb
Flavors: r-devel-linux-x86_64-fedora-clang, r-devel-windows-ix86+x86_64, r-patched-solaris-x86, r-release-windows-ix86+x86_64, r-release-osx-x86_64, r-oldrel-windows-ix86+x86_64, r-oldrel-osx-x86_64

Version: 1.2.4.1
Check: package dependencies
Result: NOTE
    Package suggested but not available for checking: ‘graph’
Flavor: r-release-osx-x86_64