CRAN Package Check Results for Package igraph

Last updated on 2019-12-16 05:46:32 CET.

Flavor Version Tinstall Tcheck Ttotal Status Flags
r-devel-linux-x86_64-debian-clang 1.2.4.2 252.11 267.03 519.14 OK
r-devel-linux-x86_64-debian-gcc 1.2.4.2 161.65 207.70 369.35 OK
r-devel-linux-x86_64-fedora-clang 1.2.4.2 699.74 NOTE
r-devel-linux-x86_64-fedora-gcc 1.2.4.2 621.73 OK
r-devel-windows-ix86+x86_64 1.2.4.2 1.00 8.00 9.00 ERROR
r-devel-windows-ix86+x86_64-gcc8 1.2.4.2 629.00 876.00 1505.00 WARN
r-patched-linux-x86_64 1.2.4.2 180.33 243.78 424.11 OK
r-patched-solaris-x86 1.2.4.2 892.70 NOTE
r-release-linux-x86_64 1.2.4.2 180.62 245.89 426.51 OK
r-release-windows-ix86+x86_64 1.2.4.2 598.00 686.00 1284.00 NOTE
r-release-osx-x86_64 1.2.4.2 NOTE
r-oldrel-windows-ix86+x86_64 1.2.4.2 592.00 596.00 1188.00 NOTE
r-oldrel-osx-x86_64 1.2.4.2 NOTE

Additional issues

LTO

Check Details

Version: 1.2.4.2
Check: installed package size
Result: NOTE
     installed size is 16.5Mb
     sub-directories of 1Mb or more:
     R 1.4Mb
     help 1.1Mb
     libs 13.5Mb
Flavors: r-devel-linux-x86_64-fedora-clang, r-devel-windows-ix86+x86_64-gcc8, r-patched-solaris-x86, r-release-windows-ix86+x86_64, r-release-osx-x86_64, r-oldrel-windows-ix86+x86_64, r-oldrel-osx-x86_64

Version: 1.2.4.2
Check: whether package can be installed
Result: ERROR
    Installation failed.
Flavor: r-devel-windows-ix86+x86_64

Version: 1.2.4.2
Check: whether package can be installed
Result: WARN
    Found the following significant warnings:
     uuid/gen_uuid.c:321:11: warning: ordered comparison of pointer with integer zero [-Wpedantic]
Flavor: r-devel-windows-ix86+x86_64-gcc8

Version: 1.2.4.2
Check: dependencies in R code
Result: NOTE
    No protocol specified
    No protocol specified
    No protocol specified
Flavors: r-release-osx-x86_64, r-oldrel-osx-x86_64