CRAN Package Check Results for Package ifctools

Last updated on 2019-09-20 21:46:26 CEST.

Flavor Version Tinstall Tcheck Ttotal Status Flags
r-devel-linux-x86_64-debian-clang 0.3.2 2.81 17.01 19.82 OK
r-devel-linux-x86_64-debian-gcc 0.3.2 2.09 13.91 16.00 OK
r-devel-linux-x86_64-fedora-clang 0.3.2 25.25 NOTE
r-devel-linux-x86_64-fedora-gcc 0.3.2 24.20 NOTE
r-devel-windows-ix86+x86_64 0.3.2 15.00 41.00 56.00 OK
r-patched-linux-x86_64 0.3.2 2.19 17.11 19.30 OK
r-patched-solaris-x86 0.3.2 37.40 OK
r-release-linux-x86_64 0.3.2 2.24 16.95 19.19 OK
r-release-windows-ix86+x86_64 0.3.2 12.00 57.00 69.00 OK
r-release-osx-x86_64 0.3.2 OK
r-oldrel-windows-ix86+x86_64 0.3.2 8.00 38.00 46.00 OK
r-oldrel-osx-x86_64 0.3.2 OK

Check Details

Version: 0.3.2
Check: compiled code
Result: NOTE
    File ‘ifctools/libs/ifctools.so’:
     Found no calls to: ‘R_registerRoutines’, ‘R_useDynamicSymbols’
    
    It is good practice to register native routines and to disable symbol
    search.
    
    See ‘Writing portable packages’ in the ‘Writing R Extensions’ manual.
Flavors: r-devel-linux-x86_64-fedora-clang, r-devel-linux-x86_64-fedora-gcc