CRAN Package Check Results for Package iemisctext

Last updated on 2019-08-20 10:47:43 CEST.

Flavor Version Tinstall Tcheck Ttotal Status Flags
r-devel-linux-x86_64-debian-clang 0.9.99 2.08 24.74 26.82 OK
r-devel-linux-x86_64-debian-gcc 0.9.99 1.67 20.14 21.81 OK
r-devel-linux-x86_64-fedora-clang 0.9.99 35.55 NOTE
r-devel-linux-x86_64-fedora-gcc 0.9.99 32.66 NOTE
r-devel-windows-ix86+x86_64 0.9.99 8.00 64.00 72.00 OK
r-patched-linux-x86_64 0.9.99 1.53 24.70 26.23 OK
r-patched-solaris-x86 0.9.99 49.60 NOTE
r-release-linux-x86_64 0.9.99 1.69 24.47 26.16 OK
r-release-windows-ix86+x86_64 0.9.99 4.00 41.00 45.00 OK
r-release-osx-x86_64 0.9.99 NOTE
r-oldrel-windows-ix86+x86_64 0.9.99 4.00 56.00 60.00 OK
r-oldrel-osx-x86_64 0.9.99 NOTE

Check Details

Version: 0.9.99
Check: data for non-ASCII characters
Result: NOTE
     Note: found 40 marked UTF-8 strings
Flavors: r-devel-linux-x86_64-fedora-clang, r-devel-linux-x86_64-fedora-gcc, r-patched-solaris-x86, r-release-osx-x86_64, r-oldrel-osx-x86_64