CRAN Package Check Results for Package iemisctext

Last updated on 2019-12-16 05:46:32 CET.

Flavor Version Tinstall Tcheck Ttotal Status Flags
r-devel-linux-x86_64-debian-clang 0.9.99 1.67 25.23 26.90 OK
r-devel-linux-x86_64-debian-gcc 0.9.99 1.65 21.02 22.67 OK
r-devel-linux-x86_64-fedora-clang 0.9.99 36.61 NOTE
r-devel-linux-x86_64-fedora-gcc 0.9.99 35.25 NOTE
r-devel-windows-ix86+x86_64 0.9.99 6.00 56.00 62.00 OK
r-devel-windows-ix86+x86_64-gcc8 0.9.99 6.00 60.00 66.00 OK
r-patched-linux-x86_64 0.9.99 1.67 24.32 25.99 OK
r-patched-solaris-x86 0.9.99 49.30 NOTE
r-release-linux-x86_64 0.9.99 1.43 24.06 25.49 OK
r-release-windows-ix86+x86_64 0.9.99 12.00 44.00 56.00 OK
r-release-osx-x86_64 0.9.99 NOTE
r-oldrel-windows-ix86+x86_64 0.9.99 3.00 38.00 41.00 OK
r-oldrel-osx-x86_64 0.9.99 NOTE

Check Details

Version: 0.9.99
Check: data for non-ASCII characters
Result: NOTE
     Note: found 40 marked UTF-8 strings
Flavors: r-devel-linux-x86_64-fedora-clang, r-devel-linux-x86_64-fedora-gcc, r-patched-solaris-x86, r-release-osx-x86_64, r-oldrel-osx-x86_64